{"id":193,"date":"2016-03-29T01:05:25","date_gmt":"2016-03-29T01:05:25","guid":{"rendered":"http:\/\/protevel.com.br\/protevel\/?page_id=193"},"modified":"2019-03-20T16:47:38","modified_gmt":"2019-03-20T19:47:38","slug":"luvas","status":"publish","type":"page","link":"http:\/\/protevel.com.br\/protevel\/produtos\/luvas\/","title":{"rendered":"Prote\u00e7\u00e3o as m\u00e3os (luvas)"},"content":{"rendered":"<p>&nbsp;<\/p>\n<p>para visualizar os produtos, clique na logo<\/p>\n<p><a href=\"http:\/\/protevel.com.br\/protevel\/produtos\/luvas\/kalipso\/\"><img loading=\"lazy\" decoding=\"async\" class=\"alignnone wp-image-508\" src=\"http:\/\/protevel.com.br\/protevel\/wp-content\/uploads\/2016\/06\/kalipso-300x158.jpg\" alt=\"kalipso\" width=\"143\" height=\"75\" srcset=\"http:\/\/protevel.com.br\/protevel\/wp-content\/uploads\/2016\/06\/kalipso-300x158.jpg 300w, http:\/\/protevel.com.br\/protevel\/wp-content\/uploads\/2016\/06\/kalipso.jpg 432w\" sizes=\"auto, (max-width: 143px) 100vw, 143px\" \/><\/a><a href=\"http:\/\/protevel.com.br\/protevel\/produtos\/luvas\/mucambomapa\/\"><img loading=\"lazy\" decoding=\"async\" class=\"alignnone wp-image-519\" src=\"http:\/\/protevel.com.br\/protevel\/wp-content\/uploads\/2016\/06\/mucambo_logo-300x102.png\" alt=\"mucambo_logo\" width=\"156\" height=\"53\" srcset=\"http:\/\/protevel.com.br\/protevel\/wp-content\/uploads\/2016\/06\/mucambo_logo-300x102.png 300w, http:\/\/protevel.com.br\/protevel\/wp-content\/uploads\/2016\/06\/mucambo_logo.png 325w\" sizes=\"auto, (max-width: 156px) 100vw, 156px\" \/><\/a><a href=\"http:\/\/protevel.com.br\/protevel\/produtos\/luvas\/promat\/\"><img loading=\"lazy\" decoding=\"async\" class=\"alignnone wp-image-539\" src=\"http:\/\/protevel.com.br\/protevel\/wp-content\/uploads\/2016\/06\/download-300x109.jpg\" alt=\"download\" width=\"217\" height=\"79\" srcset=\"http:\/\/protevel.com.br\/protevel\/wp-content\/uploads\/2016\/06\/download-300x109.jpg 300w, http:\/\/protevel.com.br\/protevel\/wp-content\/uploads\/2016\/06\/download.jpg 320w\" sizes=\"auto, (max-width: 217px) 100vw, 217px\" \/><\/a><a href=\"http:\/\/protevel.com.br\/protevel\/produtos\/luvas\/volk\/\"><img loading=\"lazy\" decoding=\"async\" class=\"alignnone wp-image-468\" src=\"http:\/\/protevel.com.br\/protevel\/wp-content\/uploads\/2016\/06\/volk_do_brasil-300x73.jpg\" alt=\"volk_do_brasil\" width=\"193\" height=\"47\" \/><\/a><\/p>\n<p>&nbsp;<\/p>\n<p><a href=\"http:\/\/protevel.com.br\/protevel\/produtos\/luvas\/lalan\/\"><img loading=\"lazy\" decoding=\"async\" class=\"alignnone\" src=\"http:\/\/lalan.com.br\/wp-content\/themes\/lalan\/images\/logo.png\" alt=\"Lalan\" width=\"224\" height=\"70\" \/><\/a><\/p>\n<p>&nbsp;<\/p>\n<p>&nbsp;<\/p>\n<p>&nbsp;<\/p>\n<p>&nbsp;<\/p>\n<p>.<\/p>\n<p>.<\/p>\n<p>.<\/p>\n<p>&nbsp;<\/p>\n<p>&nbsp;<\/p>\n<p>&nbsp;<\/p>\n<p>&nbsp;<\/p>\n<p>&nbsp;<\/p>\n<p>&nbsp;<\/p>\n<p>&nbsp;<\/p>\n<p>&nbsp;<\/p>\n<p>&nbsp;<\/p>\n<p>&nbsp;<\/p>\n<p>&nbsp;<\/p>\n","protected":false},"excerpt":{"rendered":"<p>&nbsp; para visualizar os produtos, clique na logo &nbsp; &nbsp; &nbsp; &nbsp; &nbsp; . . . &nbsp; &nbsp; &nbsp; &nbsp; &nbsp; &nbsp; &nbsp; &nbsp; &nbsp; &nbsp; &nbsp;<\/p>\n","protected":false},"author":1,"featured_media":0,"parent":11,"menu_order":0,"comment_status":"closed","ping_status":"closed","template":"","meta":{"om_disable_all_campaigns":false,"footnotes":""},"class_list":["post-193","page","type-page","status-publish","hentry"],"aioseo_notices":[],"_links":{"self":[{"href":"http:\/\/protevel.com.br\/protevel\/wp-json\/wp\/v2\/pages\/193","targetHints":{"allow":["GET"]}}],"collection":[{"href":"http:\/\/protevel.com.br\/protevel\/wp-json\/wp\/v2\/pages"}],"about":[{"href":"http:\/\/protevel.com.br\/protevel\/wp-json\/wp\/v2\/types\/page"}],"author":[{"embeddable":true,"href":"http:\/\/protevel.com.br\/protevel\/wp-json\/wp\/v2\/users\/1"}],"replies":[{"embeddable":true,"href":"http:\/\/protevel.com.br\/protevel\/wp-json\/wp\/v2\/comments?post=193"}],"version-history":[{"count":19,"href":"http:\/\/protevel.com.br\/protevel\/wp-json\/wp\/v2\/pages\/193\/revisions"}],"predecessor-version":[{"id":940,"href":"http:\/\/protevel.com.br\/protevel\/wp-json\/wp\/v2\/pages\/193\/revisions\/940"}],"up":[{"embeddable":true,"href":"http:\/\/protevel.com.br\/protevel\/wp-json\/wp\/v2\/pages\/11"}],"wp:attachment":[{"href":"http:\/\/protevel.com.br\/protevel\/wp-json\/wp\/v2\/media?parent=193"}],"curies":[{"name":"wp","href":"https:\/\/api.w.org\/{rel}","templated":true}]}}