{"id":367,"date":"2016-06-15T17:05:52","date_gmt":"2016-06-15T20:05:52","guid":{"rendered":"http:\/\/protevel.com.br\/protevel\/?page_id=367"},"modified":"2020-03-16T08:19:14","modified_gmt":"2020-03-16T11:19:14","slug":"fox","status":"publish","type":"page","link":"http:\/\/protevel.com.br\/protevel\/produtos\/botas\/fox\/","title":{"rendered":"Fox"},"content":{"rendered":"<p style=\"text-align: center;\"><strong><em>Botina Fox Nobuck BWLC-NBK (Biqueira em PVC) &#8211; C.A. 35.436<\/em><\/strong><\/p>\n<p style=\"text-align: center;\"><img loading=\"lazy\" decoding=\"async\" class=\"size-full wp-image-1114 alignleft\" src=\"http:\/\/protevel.com.br\/protevel\/wp-content\/uploads\/2020\/03\/fox.jpg\" alt=\"\" width=\"319\" height=\"158\" srcset=\"http:\/\/protevel.com.br\/protevel\/wp-content\/uploads\/2020\/03\/fox.jpg 319w, http:\/\/protevel.com.br\/protevel\/wp-content\/uploads\/2020\/03\/fox-300x149.jpg 300w\" sizes=\"auto, (max-width: 319px) 100vw, 319px\" \/><\/p>\n<p><b>CABEDAL:<\/b><br \/>\nCouro nobuck com acabamento integral<br \/>\n<b>FECHAMENTO:<\/b><br \/>\nCadar\u00e7o de poli\u00e9ster com ponteiras resinadas<br \/>\n<b>PALMILHA DE MONTAGEM:<\/b><br \/>\nTrama de poli\u00e9ster dublado com EVA<br \/>\n<b>SOLADO:<\/b><br \/>\nPoliuretano bi-densidade com inje\u00e7\u00e3o direta no cabedal<br \/>\n<b>CERTIFICADOS DE APROVA\u00c7\u00c3O:<\/b><br \/>\nBWLC-P (C.A. 35.436)<\/p>\n<p style=\"text-align: center;\"><em><strong>Botina Fox El\u00e1stico Vaqueta Total Lisa BWLE VL &#8211; Linha Premium (biqueira em PVC ou a\u00e7o)<\/strong><\/em><\/p>\n<p style=\"text-align: center;\"><img loading=\"lazy\" decoding=\"async\" class=\"alignleft\" src=\"https:\/\/awstatic-5754.kxcdn.com\/kUA9CZgvQ0p2abTSJCxjvOx2Ppw=\/0x0\/loja\/foxepi.com.br\/prodimg\/11\/0357793001539194691.jpg\" width=\"309\" height=\"309\" \/><\/p>\n<p><b>CABEDAL:<\/b><br \/>\nCouro\u00a0vaqueta lisa<br \/>\n<b>FECHAMENTO:<\/b><br \/>\nEl\u00e1stico lateral com prote\u00e7\u00e3o em couro<br \/>\n<b>PALMILHA DE MONTAGEM:<\/b><br \/>\nTrama de poli\u00e9ster dublado com EVA<br \/>\n<b>SOLADO:<\/b><br \/>\nPoliuretano bi-densidade com inje\u00e7\u00e3o direta no cabedal<br \/>\n<b>CERTIFICADOS DE APROVA\u00c7\u00c3O:<\/b><br \/>\nBWLE-A (C.A. 30.305) (biqueira de a\u00e7o) \u00a0 \u00a0 \u00a0 \u00a0\u00a0BWLE-P (C.A. 30.306) (biqueira PVC)<\/p>\n<p style=\"text-align: center;\"><strong><em>Botina Fox Cadar\u00e7o Vaqueta Lisa BWLC-VL (Biqueira em PVC) &#8211; C.A. 30.304<\/em><\/strong><\/p>\n<p style=\"text-align: center;\"><img loading=\"lazy\" decoding=\"async\" class=\"alignleft\" src=\"https:\/\/awstatic-5754.kxcdn.com\/24UVjg1quD_kc3FRZt0uwUig4C0=\/0x0\/loja\/foxepi.com.br\/prodimg\/12\/0740559001539194079.jpg\" width=\"258\" height=\"258\" \/><\/p>\n<p><b>CABEDAL:<\/b><br \/>\nCouro Vaqueta Lisa<br \/>\n<b>FECHAMENTO:<\/b><br \/>\nCadar\u00e7o de poli\u00e9ster com ponteiras resinadas.<br \/>\n<b>PALMILHA DE MONTAGEM:<\/b><br \/>\nTrama de poli\u00e9ster dublado com EVA<br \/>\n<b>SOLADO:<\/b><br \/>\nPoliuretano bi-densidade com inje\u00e7\u00e3o direta no cabedal<br \/>\n<b>CERTIFICADOS DE APROVA\u00c7\u00c3O:<\/b><br \/>\nBWLC-P (C.A. 30.304) (biqueira PVC)<\/p>\n<p style=\"text-align: center;\"><em><strong>Sapato Fox TWLE &#8211; (biqueira em PVC) &#8211; C.A. 30.303<\/strong><\/em><\/p>\n<p style=\"text-align: center;\"><img loading=\"lazy\" decoding=\"async\" class=\"alignleft\" src=\"https:\/\/awstatic-5754.kxcdn.com\/z_WrDrpwyaCoyAKwgvoAINCffOA=\/0x0\/loja\/foxepi.com.br\/prodimg\/13\/0798026001539190344.jpg\" width=\"292\" height=\"292\" \/><\/p>\n<p><b>CABEDAL:<\/b><br \/>\nCouro vaqueta lisa<br \/>\n<b>FECHAMENTO:<\/b><br \/>\nEl\u00e1stico lateral com prote\u00e7\u00e3o em couro<br \/>\n<b>PALMILHA DE MONTAGEM:<\/b><br \/>\nTrama de poli\u00e9ster dublado com EVA<br \/>\n<b>SOLADO:<\/b><br \/>\nPoliuretano bi-densidade com inje\u00e7\u00e3o direta no cabedal<br \/>\n<b>CERTIFICADOS DE APROVA\u00c7\u00c3O:<\/b><br \/>\nTWLE-P (C.A. 30.303)<\/p>\n<p style=\"text-align: center;\"><em><strong>Botina Fox 200XR (moto)\u00a0<\/strong><\/em>(este modelo n\u00e3o possui C.A. no minist\u00e9rio do trabalho)<\/p>\n<p style=\"text-align: center;\"><img loading=\"lazy\" decoding=\"async\" class=\"alignleft\" src=\"https:\/\/awstatic-5754.kxcdn.com\/3hWE7-pESN8u9m85S_SBrGFZrOo=\/0x0\/loja\/foxepi.com.br\/prodimg\/16\/0669905001539195158.jpg\" width=\"282\" height=\"282\" \/><\/p>\n<p><b>CABEDAL:<\/b><br \/>\nCouro nobuck com acabamento integral, possui prote\u00e7\u00e3o para trocador de marcha e refletivo traseiro.<br \/>\n<b>FECHAMENTO:<\/b><br \/>\nCadar\u00e7o de poli\u00e9ster com ponteiras resinadas<br \/>\n<b>PALMILHA DE MONTAGEM:<\/b><br \/>\nTrama de poli\u00e9ster dublado com EVA<br \/>\n<b>SOLADO:<\/b><br \/>\nPoliuretano bi-densidade com inje\u00e7\u00e3o direta no cabedal<\/p>\n","protected":false},"excerpt":{"rendered":"<p>Botina Fox Nobuck BWLC-NBK (Biqueira em PVC) &#8211; C.A. 35.436 CABEDAL: Couro nobuck com acabamento integral FECHAMENTO: Cadar\u00e7o de poli\u00e9ster com ponteiras resinadas PALMILHA DE MONTAGEM: Trama de poli\u00e9ster dublado com EVA SOLADO: Poliuretano bi-densidade com inje\u00e7\u00e3o direta no cabedal CERTIFICADOS DE APROVA\u00c7\u00c3O: BWLC-P (C.A. 35.436) Botina Fox El\u00e1stico Vaqueta Total Lisa BWLE VL &#8211; ..<br \/><a href=\"http:\/\/protevel.com.br\/protevel\/produtos\/botas\/fox\/\" title=\"Read more\">Read more<\/a><\/p>\n","protected":false},"author":2,"featured_media":0,"parent":17,"menu_order":0,"comment_status":"closed","ping_status":"closed","template":"","meta":{"om_disable_all_campaigns":false,"footnotes":""},"class_list":["post-367","page","type-page","status-publish","hentry"],"aioseo_notices":[],"_links":{"self":[{"href":"http:\/\/protevel.com.br\/protevel\/wp-json\/wp\/v2\/pages\/367","targetHints":{"allow":["GET"]}}],"collection":[{"href":"http:\/\/protevel.com.br\/protevel\/wp-json\/wp\/v2\/pages"}],"about":[{"href":"http:\/\/protevel.com.br\/protevel\/wp-json\/wp\/v2\/types\/page"}],"author":[{"embeddable":true,"href":"http:\/\/protevel.com.br\/protevel\/wp-json\/wp\/v2\/users\/2"}],"replies":[{"embeddable":true,"href":"http:\/\/protevel.com.br\/protevel\/wp-json\/wp\/v2\/comments?post=367"}],"version-history":[{"count":19,"href":"http:\/\/protevel.com.br\/protevel\/wp-json\/wp\/v2\/pages\/367\/revisions"}],"predecessor-version":[{"id":1115,"href":"http:\/\/protevel.com.br\/protevel\/wp-json\/wp\/v2\/pages\/367\/revisions\/1115"}],"up":[{"embeddable":true,"href":"http:\/\/protevel.com.br\/protevel\/wp-json\/wp\/v2\/pages\/17"}],"wp:attachment":[{"href":"http:\/\/protevel.com.br\/protevel\/wp-json\/wp\/v2\/media?parent=367"}],"curies":[{"name":"wp","href":"https:\/\/api.w.org\/{rel}","templated":true}]}}