{"id":564,"date":"2016-06-21T11:27:28","date_gmt":"2016-06-21T14:27:28","guid":{"rendered":"http:\/\/protevel.com.br\/protevel\/?page_id=564"},"modified":"2019-03-18T15:28:30","modified_gmt":"2019-03-18T18:28:30","slug":"protecao-a-pele","status":"publish","type":"page","link":"http:\/\/protevel.com.br\/protevel\/produtos\/protecao-a-pele\/","title":{"rendered":"Prote\u00e7\u00e3o a pele"},"content":{"rendered":"<h2 style=\"text-align: center;\">HELP HAND EXTREME &#8211; CREME DE PROTE\u00c7\u00c3O EPI<\/h2>\n<p>&nbsp;<\/p>\n<p><img loading=\"lazy\" decoding=\"async\" class=\"alignleft\" src=\"http:\/\/www.henlau.com.br\/images\/produtos\/foto123.jpg\" width=\"349\" height=\"349\" \/><\/p>\n<p>RESISTENTE A \u00c1GUA, \u00d3LEO, PINTURA, \u00c1CIDOS E \u00c1LCALIS, VISIVEL \u00c0 LUZ NEGRA. CREME HIDRATANTE E IMPERMEABILIZANTE. HELP HAND EXTREME \u00e9 um creme hidratante de prote\u00e7\u00e3o intensiva para a pele classificado como \u00e1gua resistente, \u00f3leo, pintura, \u00e1cidos e \u00e1lcalis, vis\u00edvel \u00e0 luz negra. Age diretamente no combate de irrita\u00e7\u00f5es da pele como dermatites e dermatoses, entre outras. HELP HAND EXTREME forma uma pel\u00edcula de prote\u00e7\u00e3o contra os ataques agressivos de produtos sol\u00faveis em \u00e1gua, tais como: \u00f3leo de corte, \u00f3leos emulsificados, p\u00f3s, tintas, fuligens, adesivos industriais, argamassas, solventes, graxas, querosene, gasolina, \u00f3leo diesel, verniz, tiner, colas instant\u00e2neas e resinas de a\u00e7\u00facar. Mant\u00e9m a sensibilidade ao tato e devolve a umidade natural da pele.<\/p>\n<p>&nbsp;<\/p>\n<p>&nbsp;<\/p>\n<p>&nbsp;<\/p>\n<p><strong>INDICA\u00c7\u00d5ES DE USO:<\/strong><br \/>\nProte\u00e7\u00e3o contra a agressividade de agentes qu\u00edmicos, \u00f3leos, solventes, \u00e1cidos e \u00e1lcalis existentes no ambiente de trabalho.<\/p>\n<p><strong>MODO DE USAR:<\/strong><br \/>\nAntes de iniciar o trabalho, lave e seque bem as m\u00e3os e as outras partes do corpo, rosto, bra\u00e7os, pernas, pesco\u00e7o \u00e1 serem protegidas, inclusive sob as unhas. Aplique o creme uniformemente em toda a \u00e1rea \u00e1 proteger at\u00e9 que o produto seja totalmente absorvido, para confirmar a prote\u00e7\u00e3o, colocar as m\u00e3os embaixo da luz negra para visualizar o filme de prote\u00e7\u00e3o. Para remover a sujeira, retire o excesso com uma toalha de pano ou papel, umede\u00e7a a pele com \u00e1gua e detergente ou sabonete l\u00edquido e esfregue at\u00e9 que a sujeira se desprenda.<\/p>\n<h2 style=\"text-align: center;\">HELP HAND G3 &#8211; CREME DE PROTE\u00c7\u00c3O EPI<\/h2>\n<p>&nbsp;<\/p>\n<p><img loading=\"lazy\" decoding=\"async\" class=\"alignleft\" src=\"http:\/\/www.henlau.com.br\/images\/produtos\/foto122.jpg\" width=\"349\" height=\"349\" \/><\/p>\n<p>RESISTENTE \u00c0 \u00c1GUA, \u00d3LEO E PINTURA. LO\u00c7\u00c3O CREMOSA HIDRATANTE E IMPERMEABILIZANTE. HELP HAND GRUPO III \u00e9 um creme hidratante de prote\u00e7\u00e3o intensiva para a pele classificado como \u00e1gua resistente, \u00f3leo e pintura. Age diretamente no combate de irrita\u00e7\u00f5es da pele como dermatites e dermatoses, entre outras. HELP HAND GURPO III forma uma pel\u00edcula de prote\u00e7\u00e3o contra os ataques agressivos de produtos sol\u00faveis em \u00e1gua, tais como: \u00f3leo de corte, \u00f3leos emulsificados, p\u00f3s, tintas, fuligens, adesivos industriais, argamassas (mistura de cimentos, cal, areia e \u00e1gua), solventes, graxas, querosene, gasolina, \u00f3leo diesel, verniz, thinner, colas instant\u00e2neas e resinas de a\u00e7\u00facar. Protege mantendo a sensibilidade ao tato e devolvendo a umidade natural da pele.<\/p>\n<p>&nbsp;<\/p>\n<p>&nbsp;<\/p>\n<p>&nbsp;<\/p>\n<p><strong>INDICA\u00c7\u00d5ES DE USO:<\/strong><br \/>\nProte\u00e7\u00e3o contra a agressividade de agentes qu\u00edmicos, \u00f3leos e solventes existentes no ambiente de trabalho.<\/p>\n<p><strong>MODO DE USAR:<\/strong><br \/>\nAntes de iniciar o trabalho, lave e seque bem as m\u00e3os e as outras partes do corpo, rosto, bra\u00e7os, pernas, pesco\u00e7o \u00e0 serem protegidas, inclusive sob as unhas. Aplique o creme uniformemente em toda a \u00e1rea at\u00e9 que o produto seja totalmente absorvido. Para remover a sujeira, retire o excesso com uma toalha de pano ou papel, umede\u00e7a a pele com \u00e1gua e detergente ou sabonete l\u00edquido e esfregue at\u00e9 que a sujeira se desprenda.<\/p>\n<p>&nbsp;<\/p>\n<h2 style=\"text-align: center;\">HELP HAND CITRUS &#8211; LIMPA M\u00c3OS<\/h2>\n<p>&nbsp;<\/p>\n<p><img loading=\"lazy\" decoding=\"async\" class=\"alignleft\" src=\"http:\/\/www.henlau.com.br\/images\/produtos\/foto120.jpg\" width=\"349\" height=\"349\" \/><\/p>\n<p>GEL DESENGRAXANTE E HIDRATANTE PARA AS M\u00c3OS COM ESFOLIANTE. LIMPA M\u00c3OS HELP HAND CITRUS \u00e9 um gel desengraxante natural a base de \u00f3leo de laranja com esfoliante, emolientes, hidratantes e bactericidas poderosos que proporcionam uma limpeza eficiente das m\u00e3os com rapidez, economia e recupera a oleosidade natural da pele.<\/p>\n<p>&nbsp;<\/p>\n<p>&nbsp;<\/p>\n<p>&nbsp;<\/p>\n<p>&nbsp;<\/p>\n<p>&nbsp;<\/p>\n<p>&nbsp;<\/p>\n<p>&nbsp;<\/p>\n<p>&nbsp;<\/p>\n<p><strong>INDICA\u00c7\u00d5ES DE USO:<\/strong><br \/>\nAo us\u00e1-lo frequentemente, deixa as m\u00e3os hidratadas e protegidas contra dermatites e rachaduras. LIMPA M\u00c3OS HELP HAND CITRUS por ser natural n\u00e3o cont\u00e9m solventes de petr\u00f3leo e sais c\u00e1usticos, \u00e9 biodegrad\u00e1vel, at\u00f3xico e n\u00e3o entope encanamentos.<\/p>\n<p><strong>MODO DE USAR:<\/strong><br \/>\nAplique uma dosagem do gel desengraxante LIMPA M\u00c3OS HELP HAND CITRUS sobre as m\u00e3os secas, esfregando-as at\u00e9 que a sujeira se dissolva. Em seguida, seque-as com um pano ou papel toalha. Se preferir, elimine o produto enxaguando com \u00e1gua corrente. Se necess\u00e1rio repita a opera\u00e7\u00e3o.<\/p>\n<p>&nbsp;<\/p>\n<h2 style=\"text-align: center;\">SUNLAU PROTETOR SOLAR COM REPELENTE CONTRA INSETOS FPS 30 (EPI)<\/h2>\n<p><img loading=\"lazy\" decoding=\"async\" class=\"alignleft\" src=\"http:\/\/www.henlau.com.br\/images\/produtos\/foto125.jpg\" width=\"351\" height=\"351\" \/><\/p>\n<p>SUNLAU FPS 30 PROTETOR SOLAR com REPELENTE DE INSETOS 2 em 1 com VITAMINA E protege a pele contra a a\u00e7\u00e3o nociva dos raios ultravioleta dos tipos UVA e UVB emitidos por raios solares e por radia\u00e7\u00f5es provenientes de trabalhos com soldas el\u00e9tricas e outras fontes emissoras. O produto possui\u00a04h de prote\u00e7\u00e3o contra\u00a0<em>Aedes aegypti<\/em>\u00a0comprovado por laudo realizado em laborat\u00f3rio credenciado na ANVISA.<\/p>\n<p>&nbsp;<\/p>\n<p>&nbsp;<\/p>\n<p>&nbsp;<\/p>\n<p>&nbsp;<\/p>\n<p>&nbsp;<\/p>\n<p>&nbsp;<\/p>\n<p>&nbsp;<\/p>\n<p>&nbsp;<\/p>\n<p><strong>INDICA\u00c7\u00d5ES DE USO:<\/strong><br \/>\nProtege a pele 30 vezes mais do que se o creme n\u00e3o tivesse sido aplicado. Cont\u00e9m em sua formula\u00e7\u00e3o o ativo Icaridina 12% que protege a pele contra picadas do Aedes Aegypti, que al\u00e9m da Dengue, transmite a Zika e Chikungunya, sendo eficiente tamb\u00e9m contra Anopheles e Culex, que transmitem Mal\u00e1ria e a Febre Amarela. SUNLAU FPS 30 PROTETOR SOLAR 2 em 1 com VITAMINA E possui 3 horas de prote\u00e7\u00e3o na \u00e1gua, al\u00e9m deste benef\u00edcio a VITAMINA E atua como antienvelhecimento, calmante da pele e antioxidante. Apresenta uma inova\u00e7\u00e3o em sua f\u00f3rmula: ativo marinho (extrato de pl\u00e2ncton aqu\u00e1tico) que ajuda a pele a resistir melhor aos fatores ambientais como os choques t\u00e9rmicos e radia\u00e7\u00e3o solar, demonstrado por estudos in vivo serem fatores respons\u00e1veis pela apar\u00eancia da pele envelhecida. Nosso produto \u00e9 totalmente seguro e dermatologicamente testado, n\u00e3o causando alergia, podendo ser comprovado atrav\u00e9s de nossos laudos.<\/p>\n<p><strong>MODO DE USAR:<\/strong><br \/>\nAntes da jornada de trabalho aplique sobre a pele limpa e seca uma camada de SUNLAU FPS 30 espalhando-a completa e uniformemente em todas as \u00e1reas expostas, como bra\u00e7os, m\u00e3os, rosto e pesco\u00e7o, 15 minutos antes da exposi\u00e7\u00e3o para que haja completa absor\u00e7\u00e3o. A resist\u00eancia do creme com transpira\u00e7\u00e3o excessiva d\u00e1-se por 3 horas, sendo que o mesmo ap\u00f3s esse per\u00edodo deve ser reaplicado.<\/p>\n<p>&nbsp;<\/p>\n<h2 style=\"text-align: center;\">SUNLAU PROTETOR SOLAR FPS 60 (EPI)<\/h2>\n<p><img loading=\"lazy\" decoding=\"async\" class=\"alignleft\" src=\"http:\/\/www.henlau.com.br\/images\/produtos\/foto126.jpg\" width=\"350\" height=\"350\" \/><\/p>\n<p>PROTETOR SOLAR SUNLAU FPS 60 UVA\/UVB com VITAMINA E protege a pele contra a a\u00e7\u00e3o nociva dos raios ultravioleta dos tipos UVA e UVB emitidos por raios solares e por radia\u00e7\u00f5es provenientes de trabalhos com soldas el\u00e9tricas e outras fontes emissoras.<\/p>\n<p>&nbsp;<\/p>\n<p>&nbsp;<\/p>\n<p>&nbsp;<\/p>\n<p>&nbsp;<\/p>\n<p>&nbsp;<\/p>\n<p>&nbsp;<\/p>\n<p>&nbsp;<\/p>\n<p>&nbsp;<\/p>\n<p>&nbsp;<\/p>\n<p><strong>INDICA\u00c7\u00d5ES DE USO:<\/strong><br \/>\nRecomendado para qualquer tipo de trabalho ao ar livre e em servi\u00e7os com solda el\u00e9trica. Protege a pele 60 vezes mais do que se o creme n\u00e3o tivesse sido aplicado PROTETOR SOLAR SUNLAU FPS 60 UVA\/UVB com VITAMINA E E possui at\u00e9 4 horas de resist\u00eancia \u00e0 \u00e1gua, al\u00e9m deste benef\u00edcio a VITAMINA E atua como antienvelhecimento, calmante da pele e antioxidante. Nosso produto \u00e9 totalmente seguro e dermatologicamente testado, n\u00e3o causando alergia, podendo ser comprovado atrav\u00e9s de nossos laudos. PROTETOR SOLAR SUNLAU FPS 60 UVA\/UVB com VITAMINA E \u00e9 o \u00fanico no mercado que possui ATIVO MARINHO, que preserva o col\u00e1geno natural da pele.<\/p>\n<p><strong>MODO DE USAR:<\/strong><br \/>\nAntes da jornada de trabalho aplique sobre a pele limpa e seca uma camada de SUNLAU LO\u00c7\u00c3O FPS 60 espalhando-a completa e uniformemente em todas as \u00e1reas expostas, como bra\u00e7os, m\u00e3os, rosto e pesco\u00e7o, 15 minutos antes da exposi\u00e7\u00e3o para que haja completa absor\u00e7\u00e3o. A resist\u00eancia do creme com transpira\u00e7\u00e3o excessiva d\u00e1-se por 4 horas, sendo que o mesmo ap\u00f3s esse per\u00edodo deve ser reaplicado.<\/p>\n<p>&nbsp;<\/p>\n<h2 style=\"text-align: center;\">REPELENTE CONTRA INSETOS HENLAU IR 3535<\/h2>\n<p><img loading=\"lazy\" decoding=\"async\" class=\"alignleft\" src=\"http:\/\/www.henlau.com.br\/images\/produtos\/foto128.jpg\" width=\"349\" height=\"349\" \/><\/p>\n<p>O Repelente Spray Contra Insetos Henlau cont\u00e9m em sua formula\u00e7\u00e3o a subst\u00e2ncia:(IR3535) EthyButhylacetylaminopropionate, que protege contra as picadas do Aedes aegypti, que al\u00e9m da Dengue, transmitem a Zika e Chikungunya, \u00e9 eficiente tamb\u00e9m contra Anopheles e Culex, que transmitem mal\u00e1ria e febre amarela. Essa prote\u00e7\u00e3o \u00e9 comprovada por at\u00e9 4 horas.<\/p>\n<p>&nbsp;<\/p>\n<p>&nbsp;<\/p>\n<p>&nbsp;<\/p>\n<p>&nbsp;<\/p>\n<p>&nbsp;<\/p>\n<p>&nbsp;<\/p>\n<p>&nbsp;<\/p>\n<p>&nbsp;<\/p>\n<p><strong>INDICA\u00c7\u00d5ES DE USO:<\/strong><br \/>\nSua f\u00f3rmula exclusiva \u00e9 altamente eficaz, n\u00e3o irrita a pele, n\u00e3o \u00e9 oleosa e n\u00e3o deixa a pele pegajosa. Repelente Spray Contra Insetos Henlau \u00e9 indicado para seu uso infantil e adulto, sendo eles as maiores v\u00edtimas das doen\u00e7as transmitidas por picadas de insetos. Repelente Spray Contra Insetos Henlau \u00e9 totalmente seguro e dermatologicamente testado, n\u00e3o causando alergia, podendo ser comprovado atrav\u00e9s de nossos laudos.<\/p>\n<p><strong>MODO DE USAR:<\/strong><br \/>\nAplique sobre a pele limpa e seca o Repelente Spray Contra Insetos Henlau, espalhando-o por completo e uniformemente em todas as \u00e1reas expostas, como bra\u00e7os, m\u00e3os, rosto, pesco\u00e7o. A a\u00e7\u00e3o do repelente limita-se a 4cm de dist\u00e2ncia, ou seja, uma simples aplica\u00e7\u00e3o na bochecha protege o nariz, apenas tomando cuidado, pois todos os repelentes podem irritar as mucosas. Evite pass\u00e1-lo pr\u00f3ximo aos olhos, nariz e boca. Repelente Spray Contra Insetos Henlau possui dura\u00e7\u00e3o no combate aos insetos, o produto protege por at\u00e9 4 horas, ou a cada duas horas, caso a temperatura seja superior a 30\u00baC. N\u00e3o esquecendo que perfumes podem atrair insetos, prefira produtos sem fragr\u00e2ncias.<\/p>\n","protected":false},"excerpt":{"rendered":"<p>HELP HAND EXTREME &#8211; CREME DE PROTE\u00c7\u00c3O EPI &nbsp; RESISTENTE A \u00c1GUA, \u00d3LEO, PINTURA, \u00c1CIDOS E \u00c1LCALIS, VISIVEL \u00c0 LUZ NEGRA. CREME HIDRATANTE E IMPERMEABILIZANTE. HELP HAND EXTREME \u00e9 um creme hidratante de prote\u00e7\u00e3o intensiva para a pele classificado como \u00e1gua resistente, \u00f3leo, pintura, \u00e1cidos e \u00e1lcalis, vis\u00edvel \u00e0 luz negra. Age diretamente no combate ..<br \/><a href=\"http:\/\/protevel.com.br\/protevel\/produtos\/protecao-a-pele\/\" title=\"Read more\">Read more<\/a><\/p>\n","protected":false},"author":2,"featured_media":0,"parent":11,"menu_order":0,"comment_status":"closed","ping_status":"closed","template":"","meta":{"om_disable_all_campaigns":false,"footnotes":""},"class_list":["post-564","page","type-page","status-publish","hentry"],"aioseo_notices":[],"_links":{"self":[{"href":"http:\/\/protevel.com.br\/protevel\/wp-json\/wp\/v2\/pages\/564","targetHints":{"allow":["GET"]}}],"collection":[{"href":"http:\/\/protevel.com.br\/protevel\/wp-json\/wp\/v2\/pages"}],"about":[{"href":"http:\/\/protevel.com.br\/protevel\/wp-json\/wp\/v2\/types\/page"}],"author":[{"embeddable":true,"href":"http:\/\/protevel.com.br\/protevel\/wp-json\/wp\/v2\/users\/2"}],"replies":[{"embeddable":true,"href":"http:\/\/protevel.com.br\/protevel\/wp-json\/wp\/v2\/comments?post=564"}],"version-history":[{"count":25,"href":"http:\/\/protevel.com.br\/protevel\/wp-json\/wp\/v2\/pages\/564\/revisions"}],"predecessor-version":[{"id":874,"href":"http:\/\/protevel.com.br\/protevel\/wp-json\/wp\/v2\/pages\/564\/revisions\/874"}],"up":[{"embeddable":true,"href":"http:\/\/protevel.com.br\/protevel\/wp-json\/wp\/v2\/pages\/11"}],"wp:attachment":[{"href":"http:\/\/protevel.com.br\/protevel\/wp-json\/wp\/v2\/media?parent=564"}],"curies":[{"name":"wp","href":"https:\/\/api.w.org\/{rel}","templated":true}]}}