{"id":614,"date":"2016-06-27T14:39:08","date_gmt":"2016-06-27T17:39:08","guid":{"rendered":"http:\/\/protevel.com.br\/protevel\/?page_id=614"},"modified":"2019-04-11T15:32:39","modified_gmt":"2019-04-11T18:32:39","slug":"msa","status":"publish","type":"page","link":"http:\/\/protevel.com.br\/protevel\/produtos\/protecao-ao-olhos-e-face\/msa\/","title":{"rendered":"MSA"},"content":{"rendered":"<p>&nbsp;<\/p>\n<h1 style=\"text-align: center;\">\u00d3culos Sparrow Incolor &#8211; C.A. 18.069<\/h1>\n<p><img loading=\"lazy\" decoding=\"async\" class=\"alignleft\" src=\"https:\/\/images-submarino.b2w.io\/produtos\/01\/00\/sku\/33608\/5\/33608541_1SZ.jpg\" alt=\"Resultado de imagem para OCULOS SPARROW INCOLOR\" width=\"300\" height=\"300\" \/><\/p>\n<ul>\n<li>Design moderno, com prote\u00e7\u00e3o frontal e parcialmente lateral<\/li>\n<li>Formato leve que envolve a face e permite boa ader\u00eancia<\/li>\n<li>Lente formada por uma \u00fanica pe\u00e7a<\/li>\n<li>Protetor nasal universal<\/li>\n<li>Excelente rela\u00e7\u00e3o custo\/benef\u00edcio<\/li>\n<li>Filtra 99.9% de radia\u00e7\u00e3o UV<\/li>\n<li>Lentes cinza, incolor ou in\/out<\/li>\n<\/ul>\n<p><strong>Aplica\u00e7\u00f5es:<\/strong> Pintura, Ind\u00fastria aliment\u00edcia, Lixamento, polimento e desbaste<\/p>\n<p>&nbsp;<\/p>\n<p>&nbsp;<\/p>\n<p>&nbsp;<\/p>\n<p>&nbsp;<\/p>\n<p>&nbsp;<\/p>\n<h1 style=\"text-align: center;\">\u00d3culos Harrier &#8211; C.A. 18.070<\/h1>\n<p><img loading=\"lazy\" decoding=\"async\" class=\"wp-image-620 alignleft\" src=\"http:\/\/protevel.com.br\/protevel\/wp-content\/uploads\/2016\/06\/HarrierGoggles_000030000700001188-300x200.png\" alt=\"HarrierGoggles_000030000700001188\" width=\"299\" height=\"199\" srcset=\"http:\/\/protevel.com.br\/protevel\/wp-content\/uploads\/2016\/06\/HarrierGoggles_000030000700001188-300x200.png 300w, http:\/\/protevel.com.br\/protevel\/wp-content\/uploads\/2016\/06\/HarrierGoggles_000030000700001188.png 746w\" sizes=\"auto, (max-width: 299px) 100vw, 299px\" \/><\/p>\n<p>\u00d3culos destinado a prote\u00e7\u00e3o do usu\u00e1rio contra proje\u00e7\u00e3o de part\u00edculas s\u00f3lidas, e respingos qu\u00edmicos<\/p>\n<ul>\n<li>Ampla vis\u00e3o compacto e leve<\/li>\n<li>Permite perfeita selagem na face<\/li>\n<li>Ventila\u00e7\u00e3o na arma\u00e7\u00e3o que permite a entrada de ar, por\u00e9m protege contra part\u00edculas volantes<\/li>\n<li>Prote\u00e7\u00e3o contra agentes qu\u00edmicos e respingos<\/li>\n<li>Tira el\u00e1stica ajust\u00e1vel<\/li>\n<li>Filtra 99,9% de radia\u00e7\u00e3o UV<\/li>\n<li>Lentes cinza ou incolor<\/li>\n<\/ul>\n<p><strong>Aplica\u00e7\u00f5es:<\/strong> Ind\u00fastria aliment\u00edcia, Lixamento, polimento e desbaste, Pintura<\/p>\n<p>&nbsp;<\/p>\n<p>&nbsp;<\/p>\n<hgroup class=\"productDetail\">\n<h1 style=\"text-align: center;\">\u00d3culos Feminino Starling Incolor &#8211; C.A. 27.689<\/h1>\n<h1><img loading=\"lazy\" decoding=\"async\" class=\"alignleft\" src=\"https:\/\/http2.mlstatic.com\/S_672515-MLB29162015628_012019-O.jpg\" alt=\"Resultado de imagem para oculos starling incolor\" width=\"329\" height=\"177\" \/><\/h1>\n<\/hgroup>\n<ul>\n<li>Design moderno que evidencia a beleza feminina<\/li>\n<li>Extremante leve, permite longo tempo de uso sem inc\u00f4modo<\/li>\n<li>Protetor nasal confort\u00e1vel<\/li>\n<li>Lente incolor anti-emba\u00e7ante<\/li>\n<\/ul>\n<p><strong>Aplica\u00e7\u00f5es:<\/strong> Pintura, Ind\u00fastria aliment\u00edcia, Lixamento, polimento e desbaste<\/p>\n<p>&nbsp;<\/p>\n<p>&nbsp;<\/p>\n","protected":false},"excerpt":{"rendered":"<p>&nbsp; \u00d3culos Sparrow Incolor &#8211; C.A. 18.069 Design moderno, com prote\u00e7\u00e3o frontal e parcialmente lateral Formato leve que envolve a face e permite boa ader\u00eancia Lente formada por uma \u00fanica pe\u00e7a Protetor nasal universal Excelente rela\u00e7\u00e3o custo\/benef\u00edcio Filtra 99.9% de radia\u00e7\u00e3o UV Lentes cinza, incolor ou in\/out Aplica\u00e7\u00f5es: Pintura, Ind\u00fastria aliment\u00edcia, Lixamento, polimento e desbaste ..<br \/><a href=\"http:\/\/protevel.com.br\/protevel\/produtos\/protecao-ao-olhos-e-face\/msa\/\" title=\"Read more\">Read more<\/a><\/p>\n","protected":false},"author":2,"featured_media":0,"parent":582,"menu_order":0,"comment_status":"closed","ping_status":"closed","template":"","meta":{"om_disable_all_campaigns":false,"footnotes":""},"class_list":["post-614","page","type-page","status-publish","hentry"],"aioseo_notices":[],"_links":{"self":[{"href":"http:\/\/protevel.com.br\/protevel\/wp-json\/wp\/v2\/pages\/614","targetHints":{"allow":["GET"]}}],"collection":[{"href":"http:\/\/protevel.com.br\/protevel\/wp-json\/wp\/v2\/pages"}],"about":[{"href":"http:\/\/protevel.com.br\/protevel\/wp-json\/wp\/v2\/types\/page"}],"author":[{"embeddable":true,"href":"http:\/\/protevel.com.br\/protevel\/wp-json\/wp\/v2\/users\/2"}],"replies":[{"embeddable":true,"href":"http:\/\/protevel.com.br\/protevel\/wp-json\/wp\/v2\/comments?post=614"}],"version-history":[{"count":18,"href":"http:\/\/protevel.com.br\/protevel\/wp-json\/wp\/v2\/pages\/614\/revisions"}],"predecessor-version":[{"id":999,"href":"http:\/\/protevel.com.br\/protevel\/wp-json\/wp\/v2\/pages\/614\/revisions\/999"}],"up":[{"embeddable":true,"href":"http:\/\/protevel.com.br\/protevel\/wp-json\/wp\/v2\/pages\/582"}],"wp:attachment":[{"href":"http:\/\/protevel.com.br\/protevel\/wp-json\/wp\/v2\/media?parent=614"}],"curies":[{"name":"wp","href":"https:\/\/api.w.org\/{rel}","templated":true}]}}