{"id":634,"date":"2016-06-27T15:10:35","date_gmt":"2016-06-27T18:10:35","guid":{"rendered":"http:\/\/protevel.com.br\/protevel\/?page_id=634"},"modified":"2019-04-11T15:41:12","modified_gmt":"2019-04-11T18:41:12","slug":"carbografite","status":"publish","type":"page","link":"http:\/\/protevel.com.br\/protevel\/produtos\/protecao-ao-olhos-e-face\/carbografite\/","title":{"rendered":"Carbografite"},"content":{"rendered":"<h2 class=\"titulo-produto-topo\" style=\"text-align: center;\">Escudo Advanced<\/h2>\n<p><img loading=\"lazy\" decoding=\"async\" class=\" wp-image-638 alignleft\" src=\"http:\/\/protevel.com.br\/protevel\/wp-content\/uploads\/2016\/06\/escudo.jpg\" alt=\"escudo\" width=\"300\" height=\"300\" srcset=\"http:\/\/protevel.com.br\/protevel\/wp-content\/uploads\/2016\/06\/escudo.jpg 300w, http:\/\/protevel.com.br\/protevel\/wp-content\/uploads\/2016\/06\/escudo-150x150.jpg 150w\" sizes=\"auto, (max-width: 300px) 100vw, 300px\" \/><\/p>\n<p>Carca\u00e7a e punho anat\u00f4mico em pe\u00e7a \u00fanica.<\/p>\n<table id=\"tabela-especificacao-3\" class=\"tabela-especificacao\">\n<tbody>\n<tr id=\"item-11\">\n<th>Certificado de Aprova\u00e7\u00e3o: N\u00ba<\/th>\n<td>6872<\/td>\n<\/tr>\n<\/tbody>\n<\/table>\n<p>&nbsp;<\/p>\n<p>&nbsp;<\/p>\n<p>&nbsp;<\/p>\n<p>&nbsp;<\/p>\n<p>&nbsp;<\/p>\n<p>&nbsp;<\/p>\n<p>&nbsp;<\/p>\n<p>&nbsp;<\/p>\n<p>&nbsp;<\/p>\n<h2 class=\"titulo-produto-topo\" style=\"text-align: center;\">Lentes de Prote\u00e7\u00e3o Retangulares<\/h2>\n<p><img loading=\"lazy\" decoding=\"async\" class=\"wp-image-640 alignleft\" src=\"http:\/\/protevel.com.br\/protevel\/wp-content\/uploads\/2016\/06\/lentes-carb.jpg\" alt=\"lentes carb\" width=\"303\" height=\"303\" srcset=\"http:\/\/protevel.com.br\/protevel\/wp-content\/uploads\/2016\/06\/lentes-carb.jpg 300w, http:\/\/protevel.com.br\/protevel\/wp-content\/uploads\/2016\/06\/lentes-carb-150x150.jpg 150w\" sizes=\"auto, (max-width: 303px) 100vw, 303px\" \/><\/p>\n<p>Retangulares (51mm x 108mm), tonalidades 10 \/ 12 \/14<br \/>\nUtilizadas nos modelos de escudos e m\u00e1scaras Carbografite, al\u00e9m dos \u00f3culos CG 500<\/p>\n<p>&nbsp;<\/p>\n<p>&nbsp;<\/p>\n<p>&nbsp;<\/p>\n<p>&nbsp;<\/p>\n<p>&nbsp;<\/p>\n<p>&nbsp;<\/p>\n<p>&nbsp;<\/p>\n<p>&nbsp;<\/p>\n<h2><\/h2>\n<h2 class=\"titulo-produto-topo\" style=\"text-align: center;\">M\u00e1scara Advanced Visor Articulado<\/h2>\n<p><img loading=\"lazy\" decoding=\"async\" class=\"wp-image-642 alignleft\" src=\"http:\/\/protevel.com.br\/protevel\/wp-content\/uploads\/2016\/06\/mascara-advanced-articulado.jpg\" alt=\"mascara advanced articulado\" width=\"302\" height=\"302\" srcset=\"http:\/\/protevel.com.br\/protevel\/wp-content\/uploads\/2016\/06\/mascara-advanced-articulado.jpg 300w, http:\/\/protevel.com.br\/protevel\/wp-content\/uploads\/2016\/06\/mascara-advanced-articulado-150x150.jpg 150w\" sizes=\"auto, (max-width: 302px) 100vw, 302px\" \/><\/p>\n<p><img decoding=\"async\" src=\"http:\/\/www.carbografite.com.br\/imagens\/ico-descricao-produto.png\" \/> M\u00e1scaras utilizadas para prote\u00e7\u00e3o visual e facial dos raios ultravioleta e infravermelho do arco el\u00e9trico.<br \/>\n<img decoding=\"async\" src=\"http:\/\/www.carbografite.com.br\/imagens\/ico-descricao-produto.png\" \/> Usadas com lentes retangulares 51mm x 108mm.<br \/>\n<img decoding=\"async\" src=\"http:\/\/www.carbografite.com.br\/imagens\/ico-descricao-produto.png\" \/> Design moderno, carca\u00e7as em material super resistente, leves, anat\u00f4micas e apresentadas nas vers\u00f5es visor articulado, carneira com ou sem catraca.<\/p>\n<table id=\"tabela-especificacao-3\" class=\"tabela-especificacao\">\n<tbody>\n<tr id=\"item-11\">\n<th>Certificado de Aprova\u00e7\u00e3o: N\u00ba<\/th>\n<td>15083<\/td>\n<\/tr>\n<\/tbody>\n<\/table>\n<p>&nbsp;<\/p>\n<p>&nbsp;<\/p>\n<p>&nbsp;<\/p>\n<p>&nbsp;<\/p>\n<p>&nbsp;<\/p>\n<p>&nbsp;<\/p>\n<h2><\/h2>\n<h2><\/h2>\n<h2 class=\"titulo-produto-topo\" style=\"text-align: center;\">M\u00e1scara Advanced Visor Fixo<\/h2>\n<p><img loading=\"lazy\" decoding=\"async\" class=\"size-full wp-image-644 alignleft\" src=\"http:\/\/protevel.com.br\/protevel\/wp-content\/uploads\/2016\/06\/mascara-advanced-fixo.jpg\" alt=\"mascara advanced fixo\" width=\"300\" height=\"300\" srcset=\"http:\/\/protevel.com.br\/protevel\/wp-content\/uploads\/2016\/06\/mascara-advanced-fixo.jpg 300w, http:\/\/protevel.com.br\/protevel\/wp-content\/uploads\/2016\/06\/mascara-advanced-fixo-150x150.jpg 150w\" sizes=\"auto, (max-width: 300px) 100vw, 300px\" \/><\/p>\n<p><img decoding=\"async\" src=\"http:\/\/www.carbografite.com.br\/imagens\/ico-descricao-produto.png\" \/> M\u00e1scaras utilizadas para prote\u00e7\u00e3o visual e facial dos raios ultravioleta e infravermelho do arco el\u00e9trico.<br \/>\n<img decoding=\"async\" src=\"http:\/\/www.carbografite.com.br\/imagens\/ico-descricao-produto.png\" \/> Usadas com lentes retangulares 51mm x 108mm.<br \/>\n<img decoding=\"async\" src=\"http:\/\/www.carbografite.com.br\/imagens\/ico-descricao-produto.png\" \/> Design moderno.<br \/>\n<img decoding=\"async\" src=\"http:\/\/www.carbografite.com.br\/imagens\/ico-descricao-produto.png\" \/> Carca\u00e7as em material super resistente. Leves e anat\u00f4micas.<br \/>\n<img decoding=\"async\" src=\"http:\/\/www.carbografite.com.br\/imagens\/ico-descricao-produto.png\" \/> Apresentadas nas vers\u00f5es visor fixo.<br \/>\n<img decoding=\"async\" src=\"http:\/\/www.carbografite.com.br\/imagens\/ico-descricao-produto.png\" \/> Carneira com ou sem catraca.<\/p>\n<table id=\"tabela-especificacao-3\" class=\"tabela-especificacao\">\n<tbody>\n<tr id=\"item-11\">\n<th>Certificado de Aprova\u00e7\u00e3o: N\u00ba<\/th>\n<td>15083<\/td>\n<\/tr>\n<\/tbody>\n<\/table>\n<p>&nbsp;<\/p>\n<p>&nbsp;<\/p>\n<p>&nbsp;<\/p>\n<p>&nbsp;<\/p>\n<h2><\/h2>\n<h2><\/h2>\n<h2 class=\"titulo-produto-topo\" style=\"text-align: center;\">\u00d3culos Cayman<\/h2>\n<p><img loading=\"lazy\" decoding=\"async\" class=\"size-medium wp-image-653 alignleft\" src=\"http:\/\/protevel.com.br\/protevel\/wp-content\/uploads\/2016\/06\/cayman-cinza-300x212.jpg\" alt=\"cayman cinza\" width=\"300\" height=\"212\" srcset=\"http:\/\/protevel.com.br\/protevel\/wp-content\/uploads\/2016\/06\/cayman-cinza-300x212.jpg 300w, http:\/\/protevel.com.br\/protevel\/wp-content\/uploads\/2016\/06\/cayman-cinza-768x543.jpg 768w, http:\/\/protevel.com.br\/protevel\/wp-content\/uploads\/2016\/06\/cayman-cinza-1024x724.jpg 1024w, http:\/\/protevel.com.br\/protevel\/wp-content\/uploads\/2016\/06\/cayman-cinza.jpg 1754w\" sizes=\"auto, (max-width: 300px) 100vw, 300px\" \/><\/p>\n<p><img decoding=\"async\" src=\"http:\/\/www.carbografite.com.br\/imagens\/ico-descricao-produto.png\" \/> Une atributos como leveza, seguran\u00e7a e maior vis\u00e3o perif\u00e9rica.<br \/>\n<img decoding=\"async\" src=\"http:\/\/www.carbografite.com.br\/imagens\/ico-descricao-produto.png\" \/> Lentes em duro policarbonato com tratamento anti-risco, dispon\u00edvel tamb\u00e9m com prote\u00e7\u00e3o antiemba\u00e7ante.<br \/>\n<img decoding=\"async\" src=\"http:\/\/www.carbografite.com.br\/imagens\/ico-descricao-produto.png\" \/> Apoio nasal em silicone macio.<br \/>\n<img decoding=\"async\" src=\"http:\/\/www.carbografite.com.br\/imagens\/ico-descricao-produto.png\" \/> Hastes com protetor de borracha.<br \/>\n<img decoding=\"async\" src=\"http:\/\/www.carbografite.com.br\/imagens\/ico-descricao-produto.png\" \/> Orif\u00edcios para cord\u00e3o.<\/p>\n<table id=\"tabela-especificacao-3\" class=\"tabela-especificacao\">\n<tbody>\n<tr id=\"item-11\">\n<th>Certificado de Aprova\u00e7\u00e3o: N\u00ba<\/th>\n<td>17038<\/td>\n<\/tr>\n<\/tbody>\n<\/table>\n<h2 class=\"titulo-produto-topo\" style=\"text-align: center;\"><\/h2>\n<p>&nbsp;<\/p>\n<p>&nbsp;<\/p>\n<h2><\/h2>\n<h2><\/h2>\n<h2 class=\"titulo-produto-topo\" style=\"text-align: center;\">\u00d3culos Evolution<\/h2>\n<p><img loading=\"lazy\" decoding=\"async\" class=\"size-medium wp-image-655 alignleft\" src=\"http:\/\/protevel.com.br\/protevel\/wp-content\/uploads\/2016\/06\/Oculos-de-Seguranca-Cinza-Espelhado-Evol-carbografite-012522312-1-300x300.jpg\" alt=\"Oculos-de-Seguranca-Cinza-Espelhado-Evol-carbografite-012522312-1\" width=\"300\" height=\"300\" srcset=\"http:\/\/protevel.com.br\/protevel\/wp-content\/uploads\/2016\/06\/Oculos-de-Seguranca-Cinza-Espelhado-Evol-carbografite-012522312-1-300x300.jpg 300w, http:\/\/protevel.com.br\/protevel\/wp-content\/uploads\/2016\/06\/Oculos-de-Seguranca-Cinza-Espelhado-Evol-carbografite-012522312-1-150x150.jpg 150w, http:\/\/protevel.com.br\/protevel\/wp-content\/uploads\/2016\/06\/Oculos-de-Seguranca-Cinza-Espelhado-Evol-carbografite-012522312-1-768x768.jpg 768w, http:\/\/protevel.com.br\/protevel\/wp-content\/uploads\/2016\/06\/Oculos-de-Seguranca-Cinza-Espelhado-Evol-carbografite-012522312-1.jpg 1000w\" sizes=\"auto, (max-width: 300px) 100vw, 300px\" \/><\/p>\n<p><img decoding=\"async\" src=\"http:\/\/www.carbografite.com.br\/imagens\/ico-descricao-produto.png\" \/> Design moderno e leve.<br \/>\n<img decoding=\"async\" src=\"http:\/\/www.carbografite.com.br\/imagens\/ico-descricao-produto.png\" \/> Hastes flex\u00edveis.<br \/>\n<img decoding=\"async\" src=\"http:\/\/www.carbografite.com.br\/imagens\/ico-descricao-produto.png\" \/> Arma\u00e7\u00e3o com encaixe para a lente.<br \/>\n<img decoding=\"async\" src=\"http:\/\/www.carbografite.com.br\/imagens\/ico-descricao-produto.png\" \/> Apoio nasal em silicone.<br \/>\n<img decoding=\"async\" src=\"http:\/\/www.carbografite.com.br\/imagens\/ico-descricao-produto.png\" \/> Lente em duropolicarbonato com tratamento antirrisco.<br \/>\n<img decoding=\"async\" src=\"http:\/\/www.carbografite.com.br\/imagens\/ico-descricao-produto.png\" \/> Dispon\u00edvel tamb\u00e9m com prote\u00e7\u00e3o antiemba\u00e7ante.<br \/>\n<img decoding=\"async\" src=\"http:\/\/www.carbografite.com.br\/imagens\/ico-descricao-produto.png\" \/> Filtra 99,9% ultravioleta.<\/p>\n<table id=\"tabela-especificacao-3\" class=\"tabela-especificacao\">\n<tbody>\n<tr id=\"item-11\">\n<th>Certificado de Aprova\u00e7\u00e3o: N\u00ba<\/th>\n<td>18697<\/td>\n<\/tr>\n<\/tbody>\n<\/table>\n<h2><\/h2>\n<p>&nbsp;<\/p>\n<p>&nbsp;<\/p>\n<p>&nbsp;<\/p>\n<p>&nbsp;<\/p>\n<p>&nbsp;<\/p>\n<h2><\/h2>\n<h2 class=\"titulo-produto-topo\" style=\"text-align: center;\">\u00d3culos de Seguran\u00e7a Spyder<\/h2>\n<p><img loading=\"lazy\" decoding=\"async\" class=\" wp-image-657 alignleft\" src=\"http:\/\/protevel.com.br\/protevel\/wp-content\/uploads\/2016\/06\/oculos-de-seguranca-spyder-30-01-2015-15-10-50-9561-300x178.jpg\" alt=\"oculos-de-seguranca-spyder--30-01-2015-15-10-50-9561\" width=\"342\" height=\"203\" srcset=\"http:\/\/protevel.com.br\/protevel\/wp-content\/uploads\/2016\/06\/oculos-de-seguranca-spyder-30-01-2015-15-10-50-9561-300x178.jpg 300w, http:\/\/protevel.com.br\/protevel\/wp-content\/uploads\/2016\/06\/oculos-de-seguranca-spyder-30-01-2015-15-10-50-9561-768x457.jpg 768w, http:\/\/protevel.com.br\/protevel\/wp-content\/uploads\/2016\/06\/oculos-de-seguranca-spyder-30-01-2015-15-10-50-9561-1024x609.jpg 1024w, http:\/\/protevel.com.br\/protevel\/wp-content\/uploads\/2016\/06\/oculos-de-seguranca-spyder-30-01-2015-15-10-50-9561.jpg 1181w\" sizes=\"auto, (max-width: 342px) 100vw, 342px\" \/><\/p>\n<p><img decoding=\"async\" src=\"http:\/\/www.carbografite.com.br\/imagens\/ico-descricao-produto.png\" \/> Design moderno.<br \/>\n<img decoding=\"async\" src=\"http:\/\/www.carbografite.com.br\/imagens\/ico-descricao-produto.png\" \/> Lentes antiemba\u00e7antes e antirrisco.<br \/>\n<img decoding=\"async\" src=\"http:\/\/www.carbografite.com.br\/imagens\/ico-descricao-produto.png\" \/> Parte interna da arma\u00e7\u00e3o com prote\u00e7\u00e3o emborrachada para maior conforto e veda\u00e7\u00e3o.<br \/>\n<img decoding=\"async\" src=\"http:\/\/www.carbografite.com.br\/imagens\/ico-descricao-produto.png\" \/> Acompanha suporte de el\u00e1stico para trabalhos em altura.<br \/>\n<img decoding=\"async\" src=\"http:\/\/www.carbografite.com.br\/imagens\/ico-descricao-produto.png\" \/> Apoio nasal em silicone macio.<br \/>\n<img decoding=\"async\" src=\"http:\/\/www.carbografite.com.br\/imagens\/ico-descricao-produto.png\" \/> Filtra 99,9% ultravioleta.<\/p>\n<table id=\"tabela-especificacao-3\" class=\"tabela-especificacao\">\n<tbody>\n<tr id=\"item-11\">\n<th>Certificado de Aprova\u00e7\u00e3o: N\u00ba<\/th>\n<td>28436<\/td>\n<\/tr>\n<\/tbody>\n<\/table>\n<h2 class=\"titulo-produto-topo\" style=\"text-align: center;\"><\/h2>\n<p>&nbsp;<\/p>\n<p>&nbsp;<\/p>\n<h2><\/h2>\n<h2 class=\"titulo-produto-topo\" style=\"text-align: center;\">Protetor Facial CG &#8211; Incolor<\/h2>\n<p><img loading=\"lazy\" decoding=\"async\" class=\"wp-image-648 alignleft\" src=\"http:\/\/protevel.com.br\/protevel\/wp-content\/uploads\/2016\/06\/facial-cg-incolor.jpg\" alt=\"facial cg incolor\" width=\"301\" height=\"301\" srcset=\"http:\/\/protevel.com.br\/protevel\/wp-content\/uploads\/2016\/06\/facial-cg-incolor.jpg 300w, http:\/\/protevel.com.br\/protevel\/wp-content\/uploads\/2016\/06\/facial-cg-incolor-150x150.jpg 150w\" sizes=\"auto, (max-width: 301px) 100vw, 301px\" \/><\/p>\n<p><img decoding=\"async\" src=\"http:\/\/www.carbografite.com.br\/imagens\/ico-descricao-produto.png\" \/> C\u00fapulas fabricadas em material pl\u00e1stico de alta resist\u00eancia.<br \/>\n<img decoding=\"async\" src=\"http:\/\/www.carbografite.com.br\/imagens\/ico-descricao-produto.png\" \/> Visores em policarbonato incolor ou verde, em tr\u00eas tamanhos: 150mm (6&#8243;), 200mm (8&#8243;)e 250mm (10&#8243;).<br \/>\n<img decoding=\"async\" src=\"http:\/\/www.carbografite.com.br\/imagens\/ico-descricao-produto.png\" \/> Carneiras com ou sem catraca.<\/p>\n<table id=\"tabela-especificacao-3\" class=\"tabela-especificacao\">\n<tbody>\n<tr id=\"item-11\">\n<th>Certificado de Aprova\u00e7\u00e3o: N\u00ba<\/th>\n<td>11442<\/td>\n<\/tr>\n<\/tbody>\n<\/table>\n<p>&nbsp;<\/p>\n<p>&nbsp;<\/p>\n<p>&nbsp;<\/p>\n<p>&nbsp;<\/p>\n<p>&nbsp;<\/p>\n<p>&nbsp;<\/p>\n<p>&nbsp;<\/p>\n<p>&nbsp;<\/p>\n<h2><\/h2>\n<h2><\/h2>\n<h2 class=\"titulo-produto-topo\" style=\"text-align: center;\">Protetor Facial CG &#8211; Verde<\/h2>\n<p><img loading=\"lazy\" decoding=\"async\" class=\"size-full wp-image-651 alignleft\" src=\"http:\/\/protevel.com.br\/protevel\/wp-content\/uploads\/2016\/06\/facial-cg-verde.jpg\" alt=\"facial cg verde\" width=\"300\" height=\"300\" srcset=\"http:\/\/protevel.com.br\/protevel\/wp-content\/uploads\/2016\/06\/facial-cg-verde.jpg 300w, http:\/\/protevel.com.br\/protevel\/wp-content\/uploads\/2016\/06\/facial-cg-verde-150x150.jpg 150w\" sizes=\"auto, (max-width: 300px) 100vw, 300px\" \/><\/p>\n<p><img decoding=\"async\" src=\"http:\/\/www.carbografite.com.br\/imagens\/ico-descricao-produto.png\" \/> C\u00fapulas fabricadas em material pl\u00e1stico de alta resist\u00eancia.<br \/>\n<img decoding=\"async\" src=\"http:\/\/www.carbografite.com.br\/imagens\/ico-descricao-produto.png\" \/> Visores em policarbonato incolor ou verde, em tr\u00eas tamanhos: 150mm (6&#8243;), 200mm (8&#8243;)e 250mm (10&#8243;).<br \/>\n<img decoding=\"async\" src=\"http:\/\/www.carbografite.com.br\/imagens\/ico-descricao-produto.png\" \/> Carneiras com ou sem catraca.<\/p>\n<table id=\"tabela-especificacao-3\" class=\"tabela-especificacao\">\n<tbody>\n<tr id=\"item-11\">\n<th>Certificado de Aprova\u00e7\u00e3o: N\u00ba<\/th>\n<td>14276<\/td>\n<\/tr>\n<\/tbody>\n<\/table>\n","protected":false},"excerpt":{"rendered":"<p>Escudo Advanced Carca\u00e7a e punho anat\u00f4mico em pe\u00e7a \u00fanica. Certificado de Aprova\u00e7\u00e3o: N\u00ba 6872 &nbsp; &nbsp; &nbsp; &nbsp; &nbsp; &nbsp; &nbsp; &nbsp; &nbsp; Lentes de Prote\u00e7\u00e3o Retangulares Retangulares (51mm x 108mm), tonalidades 10 \/ 12 \/14 Utilizadas nos modelos de escudos e m\u00e1scaras Carbografite, al\u00e9m dos \u00f3culos CG 500 &nbsp; &nbsp; &nbsp; &nbsp; &nbsp; &nbsp; ..<br \/><a href=\"http:\/\/protevel.com.br\/protevel\/produtos\/protecao-ao-olhos-e-face\/carbografite\/\" title=\"Read more\">Read more<\/a><\/p>\n","protected":false},"author":2,"featured_media":0,"parent":582,"menu_order":0,"comment_status":"closed","ping_status":"closed","template":"","meta":{"om_disable_all_campaigns":false,"footnotes":""},"class_list":["post-634","page","type-page","status-publish","hentry"],"aioseo_notices":[],"_links":{"self":[{"href":"http:\/\/protevel.com.br\/protevel\/wp-json\/wp\/v2\/pages\/634","targetHints":{"allow":["GET"]}}],"collection":[{"href":"http:\/\/protevel.com.br\/protevel\/wp-json\/wp\/v2\/pages"}],"about":[{"href":"http:\/\/protevel.com.br\/protevel\/wp-json\/wp\/v2\/types\/page"}],"author":[{"embeddable":true,"href":"http:\/\/protevel.com.br\/protevel\/wp-json\/wp\/v2\/users\/2"}],"replies":[{"embeddable":true,"href":"http:\/\/protevel.com.br\/protevel\/wp-json\/wp\/v2\/comments?post=634"}],"version-history":[{"count":30,"href":"http:\/\/protevel.com.br\/protevel\/wp-json\/wp\/v2\/pages\/634\/revisions"}],"predecessor-version":[{"id":1003,"href":"http:\/\/protevel.com.br\/protevel\/wp-json\/wp\/v2\/pages\/634\/revisions\/1003"}],"up":[{"embeddable":true,"href":"http:\/\/protevel.com.br\/protevel\/wp-json\/wp\/v2\/pages\/582"}],"wp:attachment":[{"href":"http:\/\/protevel.com.br\/protevel\/wp-json\/wp\/v2\/media?parent=634"}],"curies":[{"name":"wp","href":"https:\/\/api.w.org\/{rel}","templated":true}]}}