{"id":662,"date":"2016-06-29T14:16:23","date_gmt":"2016-06-29T17:16:23","guid":{"rendered":"http:\/\/protevel.com.br\/protevel\/?page_id=662"},"modified":"2016-06-29T14:40:33","modified_gmt":"2016-06-29T17:40:33","slug":"msa","status":"publish","type":"page","link":"http:\/\/protevel.com.br\/protevel\/produtos\/protecao-respiratoria\/msa\/","title":{"rendered":"MSA"},"content":{"rendered":"<p><img loading=\"lazy\" decoding=\"async\" class=\"alignnone wp-image-616 aligncenter\" src=\"http:\/\/protevel.com.br\/protevel\/wp-content\/uploads\/2016\/06\/msa-300x143.png\" alt=\"msa\" width=\"438\" height=\"209\" \/><\/p>\n<p>&nbsp;<\/p>\n<h1 style=\"text-align: center;\">Respirador Advantage 200<\/h1>\n<p><img loading=\"lazy\" decoding=\"async\" class=\" wp-image-663 aligncenter\" src=\"http:\/\/protevel.com.br\/protevel\/wp-content\/uploads\/2016\/06\/ADV-200-300x170.png\" alt=\"ADV 200\" width=\"419\" height=\"237\" srcset=\"http:\/\/protevel.com.br\/protevel\/wp-content\/uploads\/2016\/06\/ADV-200-300x170.png 300w, http:\/\/protevel.com.br\/protevel\/wp-content\/uploads\/2016\/06\/ADV-200-768x436.png 768w, http:\/\/protevel.com.br\/protevel\/wp-content\/uploads\/2016\/06\/ADV-200.png 995w\" sizes=\"auto, (max-width: 419px) 100vw, 419px\" \/><\/p>\n<p>Respirador semifacial para ser utilizado com dois cartuchos Classe 1 com encaixe tipo baioneta, por\u00e9m permite a utiliza\u00e7\u00e3o de dois cartuchos Classe 1 tipo rosca da Comfo II, atrav\u00e9s da utiliza\u00e7\u00e3o de adaptador. Produzido com o sistema MultiFlexTM\u201d, uma combina\u00e7\u00e3o de borracha e termopl\u00e1stico que confere maciez e maleabilidade ao produto. O desenho \u201cAnthroCurve\u201d aliado ao sistema MultiFlexTM equaliza a press\u00e3o na \u00e1rea de veda\u00e7\u00e3o facial, proporcionando maior conforto ao produto.<\/p>\n<ul>\n<li>Leve e eficiente, excelente custo x benef\u00edcio<\/li>\n<li>Material termopl\u00e1stico torna a m\u00e1scara mais macia e leve<\/li>\n<li>Sistema Multiflex equaliza a press\u00e3o no rosto do usu\u00e1rio<\/li>\n<li>Sistema AnthoCurve proporciona excelente veda\u00e7\u00e3o para todos os tipos de faces<\/li>\n<li>Mais leve e macio, confere maior estabilidade ao rosto do usu\u00e1rio<\/li>\n<li>Mat\u00e9ria-prima desenvolvida pela MSA, com exclusividade, para oferecer mais conforto e maciez<\/li>\n<li>O Advantage 200 LS \u00e9 22% mais leve e 17% mais macio que o Advantage 200 (pe\u00e7a semifacial preta)<\/li>\n<li>A superf\u00edcie de veda\u00e7\u00e3o &#8220;AnthroCurve&#8221; equaliza os pontos de press\u00e3o ao redor da selagem facial sistema &#8220;Multiflex&#8221;, uma combina\u00e7\u00e3o macia e male\u00e1vel de elast\u00e2mero termopl\u00e1stico que assegura um ajuste incompar\u00e1vel<\/li>\n<li>CA 8.558<\/li>\n<\/ul>\n<p><strong>Aplica\u00e7\u00f5es:<\/strong> Asbestos, Soldagem, Lixamento, polimento e desbaste, Pintura<\/p>\n<p>&nbsp;<\/p>\n<h1 style=\"text-align: center;\">Respirador Advantage 420<\/h1>\n<p><img loading=\"lazy\" decoding=\"async\" class=\"size-medium wp-image-669 aligncenter\" src=\"http:\/\/protevel.com.br\/protevel\/wp-content\/uploads\/2016\/06\/Advantage420Half-MaskRespirator_000100000200001150-300x253.png\" alt=\"Advantage420Half-MaskRespirator_000100000200001150\" width=\"300\" height=\"253\" srcset=\"http:\/\/protevel.com.br\/protevel\/wp-content\/uploads\/2016\/06\/Advantage420Half-MaskRespirator_000100000200001150-300x253.png 300w, http:\/\/protevel.com.br\/protevel\/wp-content\/uploads\/2016\/06\/Advantage420Half-MaskRespirator_000100000200001150.png 702w\" sizes=\"auto, (max-width: 300px) 100vw, 300px\" \/><\/p>\n<p>Os inovadores Respiradores Semifaciais Advantage 420 e 410 possuem sua pe\u00e7a facial em silicone, produzida atrav\u00e9s de avan\u00e7adas tecnologias em processos produtivos, conferindo ao produto excepcional conforto e perfeita selagem. Praticidade: o exclusivo sistema de travamento do modo deslizante das tiras aliado com as fivelas de nuca em tamanho adequado e anat\u00f4micas, faz com que as m\u00e1scaras Advantage 420 e 410 possam ser acomodadas e retiradas do rosto com muita facilidade e rapidez, mesmo com a utiliza\u00e7\u00e3o de luvas de seguran\u00e7a. O design do suporte da cabe\u00e7a permite que o respirador possa ser carregado junto ao peito sem necessidade de retirar o capacete. Conforto: livre de fivelas e sobras de tiras no suporte de cabe\u00e7a, eliminando pontos de press\u00e3o. Apresenta excelente veda\u00e7\u00e3o em todos os tipos de rostos, e a pe\u00e7a facial em silicone texturizada na regi\u00e3o de contato com o rosto evita deslizamento durante a transpira\u00e7\u00e3o do usu\u00e1rio em condi\u00e7\u00f5es \u00famidas e quentes. Seguran\u00e7a: desenhado para se acomodar e vedar perfeitamente em todos os tipos de rostos com ampla durabilidade. Flexibilidade: flexibilidade e facilidade na administra\u00e7\u00e3o de estoques. Para ser utilizado com a ampla linha de cartuchos qu\u00edmicos e combinados tipo baioneta da MSA, al\u00e9m da linha de filtros mec\u00e2nicos Flexi-Filter.Tamb\u00e9m pode ser utilizado com a linha de cartuchos tipo rosca dos respiradores Comfo II atrav\u00e9s da utliza\u00e7\u00e3o de um adaptador. Dispon\u00edvel em 3 tamanhos, P, M e G. Baixo custo de manuten\u00e7\u00e3o: seu design inovador e simplificado facilita a manuten\u00e7\u00e3o e a higieniza\u00e7\u00e3o do produto.<\/p>\n<ul>\n<li>Apresenta diversos recursos para maximizar o conforto e proporcionar ajuste personalizado<\/li>\n<li>Aranha frontal de quatro pontos com design que promove coloca\u00e7\u00e3o e retirada com extrema facilidade<\/li>\n<li>Pode ser facilmente ajustada nos modos &#8220;drop-down&#8221; e &#8220;lock-down&#8221;<\/li>\n<li>Integra facilmente outros EPI\u00b4s da MSA, como capacetes e \u00f3culos de seguran\u00e7a, livre de qualquer interfer\u00eancia<\/li>\n<li>Totalmente &#8220;Latex-Free&#8221;, n\u00e3o possui latex em sua composi\u00e7\u00e3o<\/li>\n<li>NBR13696\/2005<\/li>\n<li>NBR13694\/1996<\/li>\n<li>CA 27.145<\/li>\n<\/ul>\n<p><strong>Aplica\u00e7\u00f5es:<\/strong> Lixamento, polimento e desbaste, Pintura, Soldagem, Asbestos<\/p>\n<p>&nbsp;<\/p>\n<h1 style=\"text-align: center;\">M\u00e1scara Facial Inteira Advantage 3000 Twin<\/h1>\n<p><img loading=\"lazy\" decoding=\"async\" class=\"size-medium wp-image-671 aligncenter\" src=\"http:\/\/protevel.com.br\/protevel\/wp-content\/uploads\/2016\/06\/Advantage3200Full-FacepieceRespirator_000100000300001350-243x300.png\" alt=\"Advantage3200Full-FacepieceRespirator_000100000300001350\" width=\"243\" height=\"300\" srcset=\"http:\/\/protevel.com.br\/protevel\/wp-content\/uploads\/2016\/06\/Advantage3200Full-FacepieceRespirator_000100000300001350-243x300.png 243w, http:\/\/protevel.com.br\/protevel\/wp-content\/uploads\/2016\/06\/Advantage3200Full-FacepieceRespirator_000100000300001350.png 480w\" sizes=\"auto, (max-width: 243px) 100vw, 243px\" \/><\/p>\n<p>Membro da fam\u00edlia Advantage, proporciona excelente campo de vis\u00e3o livre de distor\u00e7\u00f5es, cor azul conferindo agrad\u00e1vel aspecto visual e redu\u00e7\u00e3o de calor, mascarilha interna (nosecup) que reduz o emba\u00e7amento da lente sob condi\u00e7\u00f5es de baixa temperatura e alta umidade. Para uso com cartuchos Classe 1 com encaixe baioneta, ou com encaixe tipo rosca (Comfo II, com uso de adaptador espec\u00edfico).<\/p>\n<div class=\"prod-features\">\n<p>A m\u00e1scara facial inteira Advantage 3000 Twin \u00e9 fornecida da seguinte maneira:<\/p>\n<ul>\n<li>Pe\u00e7a facial em silicone, antial\u00e9rgica, flex\u00edvel e altamente confort\u00e1vel<\/li>\n<li>Lente de policarbonato de ampla vis\u00e3o<\/li>\n<li>Dispon\u00edvel em 3 tamanhos: P, M e G<\/li>\n<li>Utiliza cartuchos tipo baioneta da linha Advantage ou cartuchos da linha<\/li>\n<li>Comfo II por\u00e9m com uso de adaptador espec\u00edfico<\/li>\n<li>Caixa com 1 pe\u00e7a<\/li>\n<li>CA 13.031<\/li>\n<\/ul>\n<\/div>\n<div class=\"prod-section applications\"><strong>Aplica\u00e7\u00f5es:<\/strong> Remo\u00e7\u00e3o de amianto, Pintura, Eventos p\u00fablicos, Polimento e desbaste, Fuga e resgate<\/div>\n<div class=\"prod-section applications\"><\/div>\n<div class=\"prod-section applications\">\n<h1 style=\"text-align: center;\">Filtros Mec\u00e2nicos linha Flexi-Filter\u00ae<\/h1>\n<p><img loading=\"lazy\" decoding=\"async\" class=\"size-medium wp-image-673 aligncenter\" src=\"http:\/\/protevel.com.br\/protevel\/wp-content\/uploads\/2016\/06\/flexi-filtersniosh_lo-300x266.png\" alt=\"flexi-filtersniosh_lo\" width=\"300\" height=\"266\" srcset=\"http:\/\/protevel.com.br\/protevel\/wp-content\/uploads\/2016\/06\/flexi-filtersniosh_lo-300x266.png 300w, http:\/\/protevel.com.br\/protevel\/wp-content\/uploads\/2016\/06\/flexi-filtersniosh_lo.png 667w\" sizes=\"auto, (max-width: 300px) 100vw, 300px\" \/><\/p>\n<p>A linha de filtros mec\u00e2nicos Flexi-Filter apresenta a leveza e o perfil &#8220;slim&#8221; como suas principais caracter\u00edsticas. Sua geometria facilita o campo de vis\u00e3o do usu\u00e1rio e sua constru\u00e7\u00e3o prov\u00ea baixa resist\u00eancia \u00e0 respira\u00e7\u00e3o. Suas linhas permitem facilidade na coloca\u00e7\u00e3o e retirada da pe\u00e7a facial mesmo com utiliza\u00e7\u00e3o de luvas de seguran\u00e7a.<\/p>\n<div class=\"prod-features\">\n<ul>\n<li>Pode ser utilizado com todos os respiradores da linha Advantage com encaixe baioneta<\/li>\n<li>Aplica\u00e7\u00f5es e contaminantes vide cat\u00e1logo anexo<\/li>\n<li>Possui vers\u00f5es contra odores inc\u00f4modos de vapores org\u00e2nicos e gases \u00e1cidos<\/li>\n<li>Aprova\u00e7\u00f5es condicionadas aos respiradores. Linha Flexi-Filter pode ser utilizada com todos os respiradores da linha Advantage com encaixe tipo baioneta.<\/li>\n<\/ul>\n<\/div>\n<div class=\"prod-section applications\"><strong>Aplica\u00e7\u00f5es:<\/strong> Asbestos, Pintura, Lixamento, polimento e desbaste, Soldagem, Fuga e resgate<\/div>\n<\/div>\n<div class=\"prod-section applications\"><\/div>\n<div class=\"prod-section applications\">\n<h1 style=\"text-align: center;\">Cartuchos baioneta Advantage\u00ae<\/h1>\n<p><img loading=\"lazy\" decoding=\"async\" class=\"size-medium wp-image-675 aligncenter\" src=\"http:\/\/protevel.com.br\/protevel\/wp-content\/uploads\/2016\/06\/AdvantageChemicalandCombinationCartridges_000100001100001210_BR-300x198.png\" alt=\"AdvantageChemicalandCombinationCartridges_000100001100001210_BR\" width=\"300\" height=\"198\" srcset=\"http:\/\/protevel.com.br\/protevel\/wp-content\/uploads\/2016\/06\/AdvantageChemicalandCombinationCartridges_000100001100001210_BR-300x198.png 300w, http:\/\/protevel.com.br\/protevel\/wp-content\/uploads\/2016\/06\/AdvantageChemicalandCombinationCartridges_000100001100001210_BR.png 746w\" sizes=\"auto, (max-width: 300px) 100vw, 300px\" \/><\/p>\n<p>A linha de filtros qu\u00edmicos Advantage com encaixe baioneta foram desenhados para f\u00e1cil instala\u00e7\u00e3o no respirador. Apresenta ampla disponibilidade de modelos para diversos tipos de contaminantes, vide tabela espec\u00edfica no cat\u00e1logo.<\/p>\n<div class=\"prod-features\">\n<ul>\n<li>Quase todos os modelos produzidos no Brasil<\/li>\n<li>Podem ser utilizados com todos os respiradores da linha Advantage com encaixe baioneta<\/li>\n<li>Os filtros qu\u00edmicos podem ser utilizados com pr\u00e9-filtro P1 ou P2 atrav\u00e9s do uso do suporte (holder) espec\u00edfico, com sistema de travamento patenteado MSA<\/li>\n<li>Aplica\u00e7\u00f5es e contaminantes vide cat\u00e1logo anexo<\/li>\n<li>Aprova\u00e7\u00f5es condicionadas aos respiradores. Podem ser utilizados com todos os respiradores da linha Advantage com encaixe tipo baioneta.<\/li>\n<\/ul>\n<\/div>\n<div class=\"prod-section applications\"><strong>Aplica\u00e7\u00f5es:<\/strong> Asbestos, Pintura, Lixamento, polimento e desbaste, Soldagem<\/div>\n<\/div>\n<div class=\"prod-section applications\"><\/div>\n<div class=\"prod-section applications\">\n<h1 style=\"text-align: center;\">Cartuchos rosca Comfo\u00ae<\/h1>\n<p><img loading=\"lazy\" decoding=\"async\" class=\" wp-image-677 aligncenter\" src=\"http:\/\/protevel.com.br\/protevel\/wp-content\/uploads\/2016\/06\/ComfoChemicalandCombinationCartridges_000100001100001200_BR-300x226.png\" alt=\"ComfoChemicalandCombinationCartridges_000100001100001200_BR\" width=\"240\" height=\"181\" srcset=\"http:\/\/protevel.com.br\/protevel\/wp-content\/uploads\/2016\/06\/ComfoChemicalandCombinationCartridges_000100001100001200_BR-300x226.png 300w, http:\/\/protevel.com.br\/protevel\/wp-content\/uploads\/2016\/06\/ComfoChemicalandCombinationCartridges_000100001100001200_BR.png 746w\" sizes=\"auto, (max-width: 240px) 100vw, 240px\" \/><\/p>\n<p>Apresenta ampla disponibilidade de modelos para diversos tipos de contaminantes, vide tabela espec\u00edfica no cat\u00e1logo de Prote\u00e7\u00e3o Respirat\u00f3ria.<\/p>\n<div class=\"prod-features\">\n<ul>\n<li>Quase todos os modelos produzidos no Brasil<\/li>\n<li>Podem ser utilizados com todos os respiradores da linha Comfo II e Ultra<\/li>\n<li>Twin com encaixe tipo rosca<\/li>\n<li>Os filtros qu\u00edmicos podem ser utilizados com pr\u00e9-filtro P1 ou P2 atrav\u00e9s do uso da tampa espec\u00edfica<\/li>\n<li>Aplica\u00e7\u00f5es e contaminantes vide cat\u00e1logo anexo<\/li>\n<li>Aprova\u00e7\u00f5es condicionadas aos respiradores. Podem ser utilizados com todos os respiradores da linha Comfo II e Ultra Twin com encaixe tipo rosca.<\/li>\n<\/ul>\n<\/div>\n<div class=\"prod-section applications\"><strong>Aplica\u00e7\u00f5es:<\/strong> Asbestos, Pintura, Lixamento, polimento e desbaste, Soldagem<\/div>\n<\/div>\n<div class=\"prod-section applications\"><\/div>\n<div class=\"prod-section applications\">\n<h1 style=\"text-align: center;\">Respirador Descart\u00e1vel Affinity Tipo Concha<\/h1>\n<p><img loading=\"lazy\" decoding=\"async\" class=\"size-medium wp-image-679 aligncenter\" src=\"http:\/\/protevel.com.br\/protevel\/wp-content\/uploads\/2016\/06\/AffinityCupShapeRespirators_000280001000001510-300x200.png\" alt=\"AffinityCupShapeRespirators_000280001000001510\" width=\"300\" height=\"200\" srcset=\"http:\/\/protevel.com.br\/protevel\/wp-content\/uploads\/2016\/06\/AffinityCupShapeRespirators_000280001000001510-300x200.png 300w, http:\/\/protevel.com.br\/protevel\/wp-content\/uploads\/2016\/06\/AffinityCupShapeRespirators_000280001000001510.png 746w\" sizes=\"auto, (max-width: 300px) 100vw, 300px\" \/><\/p>\n<p>Os respiradores da linha Affinity\u00ae possuem um design moderno e acabamento impec\u00e1vel, visando a excel\u00eancia do produto e o conforto do usu\u00e1rio. Seu exclusivo \u201cadjuster\u201d valoriza o conforto do usu\u00e1rio, eliminando pontos de press\u00e3o e tornando f\u00e1cil a sua coloca\u00e7\u00e3o e retirada. Os tirantes el\u00e1sticos s\u00e3o fixados ao respirador sem o uso dos tradicionais grampos met\u00e1licos que geram desconforto em contato com a pele<\/p>\n<ul>\n<li>Tirantes el\u00e1sticos ajust\u00e1veis<\/li>\n<li>Clip nasal mold\u00e1vel revestido<\/li>\n<li>Livre de grampos met\u00e1licos<\/li>\n<li>F\u00e1cil a identifica\u00e7\u00e3o da classe do respirador: verde (P1), amarelo (P2) ou azul (P2 OR &#8211; odor removal)<\/li>\n<li>Baixa resist\u00eancia respirat\u00f3ria<\/li>\n<\/ul>\n<ul>\n<li>CA 32.820 &#8211; P1<\/li>\n<li>CA 32.818 &#8211; P2<\/li>\n<li>CA 33.300 &#8211; P2 OR (Remo\u00e7\u00e3o de Odores)<\/li>\n<\/ul>\n<\/div>\n","protected":false},"excerpt":{"rendered":"<p>&nbsp; Respirador Advantage 200 Respirador semifacial para ser utilizado com dois cartuchos Classe 1 com encaixe tipo baioneta, por\u00e9m permite a utiliza\u00e7\u00e3o de dois cartuchos Classe 1 tipo rosca da Comfo II, atrav\u00e9s da utiliza\u00e7\u00e3o de adaptador. Produzido com o sistema MultiFlexTM\u201d, uma combina\u00e7\u00e3o de borracha e termopl\u00e1stico que confere maciez e maleabilidade ao produto. ..<br \/><a href=\"http:\/\/protevel.com.br\/protevel\/produtos\/protecao-respiratoria\/msa\/\" title=\"Read more\">Read more<\/a><\/p>\n","protected":false},"author":2,"featured_media":0,"parent":660,"menu_order":0,"comment_status":"closed","ping_status":"closed","template":"","meta":{"om_disable_all_campaigns":false,"footnotes":""},"class_list":["post-662","page","type-page","status-publish","hentry"],"aioseo_notices":[],"_links":{"self":[{"href":"http:\/\/protevel.com.br\/protevel\/wp-json\/wp\/v2\/pages\/662","targetHints":{"allow":["GET"]}}],"collection":[{"href":"http:\/\/protevel.com.br\/protevel\/wp-json\/wp\/v2\/pages"}],"about":[{"href":"http:\/\/protevel.com.br\/protevel\/wp-json\/wp\/v2\/types\/page"}],"author":[{"embeddable":true,"href":"http:\/\/protevel.com.br\/protevel\/wp-json\/wp\/v2\/users\/2"}],"replies":[{"embeddable":true,"href":"http:\/\/protevel.com.br\/protevel\/wp-json\/wp\/v2\/comments?post=662"}],"version-history":[{"count":9,"href":"http:\/\/protevel.com.br\/protevel\/wp-json\/wp\/v2\/pages\/662\/revisions"}],"predecessor-version":[{"id":680,"href":"http:\/\/protevel.com.br\/protevel\/wp-json\/wp\/v2\/pages\/662\/revisions\/680"}],"up":[{"embeddable":true,"href":"http:\/\/protevel.com.br\/protevel\/wp-json\/wp\/v2\/pages\/660"}],"wp:attachment":[{"href":"http:\/\/protevel.com.br\/protevel\/wp-json\/wp\/v2\/media?parent=662"}],"curies":[{"name":"wp","href":"https:\/\/api.w.org\/{rel}","templated":true}]}}