{"id":707,"date":"2016-06-30T15:00:07","date_gmt":"2016-06-30T18:00:07","guid":{"rendered":"http:\/\/protevel.com.br\/protevel\/?page_id=707"},"modified":"2019-03-20T17:32:06","modified_gmt":"2019-03-20T20:32:06","slug":"msa","status":"publish","type":"page","link":"http:\/\/protevel.com.br\/protevel\/produtos\/protecao-auditiva\/msa\/","title":{"rendered":"MSA"},"content":{"rendered":"<h1 style=\"text-align: center;\">XLS 21 dB &#8211; C.A. 15.624<\/h1>\n<p><img loading=\"lazy\" decoding=\"async\" class=\"size-medium wp-image-716 alignleft\" src=\"http:\/\/protevel.com.br\/protevel\/wp-content\/uploads\/2016\/06\/XLSHeadbandEarmuff_000090000000001000_BR-183x300.png\" alt=\"XLSHeadbandEarmuff_000090000000001000_BR\" width=\"183\" height=\"300\" srcset=\"http:\/\/protevel.com.br\/protevel\/wp-content\/uploads\/2016\/06\/XLSHeadbandEarmuff_000090000000001000_BR-183x300.png 183w, http:\/\/protevel.com.br\/protevel\/wp-content\/uploads\/2016\/06\/XLSHeadbandEarmuff_000090000000001000_BR.png 361w\" sizes=\"auto, (max-width: 183px) 100vw, 183px\" \/><\/p>\n<p>&nbsp;<\/p>\n<p>As conchas dos Abafadores XLS s\u00e3o vermelhas, sendo ideais para quem necessita vistoriar o uso dos Abafadores e\/ou efetuar padroniza\u00e7\u00e3o de setores por cores. Apresenta um design que proporciona excelente atenua\u00e7\u00e3o de ru\u00eddos. O arco possui uma exclusiva curvatura que reduz a press\u00e3o na cabe\u00e7a do usu\u00e1rio, sendo ao mesmo tempo confort\u00e1vel e com ajuste seguro. O arco possui dois pontos de fixa\u00e7\u00e3o nas conchas, distribuindo melhor a press\u00e3o. As conchas apresentam \u00f3timo espa\u00e7o interno para as orelhas.<\/p>\n<p>&nbsp;<\/p>\n<p>&nbsp;<\/p>\n<p>&nbsp;<\/p>\n<p>&nbsp;<\/p>\n<p>&nbsp;<\/p>\n<h1 style=\"text-align: center;\">KIT XLS 20 dB P\/ ACOPLAR NO CAPACETE &#8211; C.A. 27.971<\/h1>\n<p><img loading=\"lazy\" decoding=\"async\" class=\"alignleft\" src=\"https:\/\/s7d9.scene7.com\/is\/image\/minesafetyappliances\/216746\" width=\"301\" height=\"369\" \/><\/p>\n<p>O abafador de ru\u00eddos para uso com capacete V-Gard XLS &#8211; Tipo Kit \u00e9 composto por duas conchas de ABS, duas espumas internas de PU &#8211; Poliuretano, garfo acoplador em PA6.6 &#8211; Poliamida com fibra e haste met\u00e1lica em a\u00e7o mola (somente na parte interna da haste), e atenua\u00e7\u00e3o de 20dB NRRsf. Confort\u00e1vel e flex\u00edvel proporciona melhor ajuste \u00e0 , al\u00e9m de excelente veda\u00e7\u00e3o e m\u00e1xima prote\u00e7\u00e3o ao usu\u00e1rio.<\/p>\n<p>&nbsp;<\/p>\n","protected":false},"excerpt":{"rendered":"<p>XLS 21 dB &#8211; C.A. 15.624 &nbsp; As conchas dos Abafadores XLS s\u00e3o vermelhas, sendo ideais para quem necessita vistoriar o uso dos Abafadores e\/ou efetuar padroniza\u00e7\u00e3o de setores por cores. Apresenta um design que proporciona excelente atenua\u00e7\u00e3o de ru\u00eddos. O arco possui uma exclusiva curvatura que reduz a press\u00e3o na cabe\u00e7a do usu\u00e1rio, sendo ..<br \/><a href=\"http:\/\/protevel.com.br\/protevel\/produtos\/protecao-auditiva\/msa\/\" title=\"Read more\">Read more<\/a><\/p>\n","protected":false},"author":2,"featured_media":0,"parent":705,"menu_order":0,"comment_status":"closed","ping_status":"closed","template":"","meta":{"om_disable_all_campaigns":false,"footnotes":""},"class_list":["post-707","page","type-page","status-publish","hentry"],"aioseo_notices":[],"_links":{"self":[{"href":"http:\/\/protevel.com.br\/protevel\/wp-json\/wp\/v2\/pages\/707","targetHints":{"allow":["GET"]}}],"collection":[{"href":"http:\/\/protevel.com.br\/protevel\/wp-json\/wp\/v2\/pages"}],"about":[{"href":"http:\/\/protevel.com.br\/protevel\/wp-json\/wp\/v2\/types\/page"}],"author":[{"embeddable":true,"href":"http:\/\/protevel.com.br\/protevel\/wp-json\/wp\/v2\/users\/2"}],"replies":[{"embeddable":true,"href":"http:\/\/protevel.com.br\/protevel\/wp-json\/wp\/v2\/comments?post=707"}],"version-history":[{"count":12,"href":"http:\/\/protevel.com.br\/protevel\/wp-json\/wp\/v2\/pages\/707\/revisions"}],"predecessor-version":[{"id":952,"href":"http:\/\/protevel.com.br\/protevel\/wp-json\/wp\/v2\/pages\/707\/revisions\/952"}],"up":[{"embeddable":true,"href":"http:\/\/protevel.com.br\/protevel\/wp-json\/wp\/v2\/pages\/705"}],"wp:attachment":[{"href":"http:\/\/protevel.com.br\/protevel\/wp-json\/wp\/v2\/media?parent=707"}],"curies":[{"name":"wp","href":"https:\/\/api.w.org\/{rel}","templated":true}]}}