{"id":916,"date":"2019-03-19T16:24:33","date_gmt":"2019-03-19T19:24:33","guid":{"rendered":"http:\/\/protevel.com.br\/protevel\/?page_id=916"},"modified":"2024-12-13T14:29:55","modified_gmt":"2024-12-13T17:29:55","slug":"ofertas","status":"publish","type":"page","link":"http:\/\/protevel.com.br\/protevel\/ofertas\/","title":{"rendered":"Ofertas"},"content":{"rendered":"<h1 style=\"text-align: center;\">Snake Blox dry III &#8211; C.A. 34.186<\/h1>\n<h1><img decoding=\"async\" class=\"alignleft\" src=\"https:\/\/http2.mlstatic.com\/bota-snake-blox-ill-dry-impermeavel-garantia-com-c-a-D_NQ_NP_766049-MLB27133352597_042018-F.jpg\" alt=\"Resultado de imagem para SNAKE BLOX DRY\" \/>R$ 300,00<\/h1>\n<p>oferta v\u00e1lida enquanto durar o estoque, dispon\u00edvel somente no n\u00famero 39<\/p>\n<p>ultimas unidades dispon\u00edveis<\/p>\n<p>&nbsp;<\/p>\n<p>nos reservamos ao direito de cancelar a promo\u00e7\u00e3o sem pr\u00e9vio aviso, n\u00e3o garantimos estoque, entre em contato para confirmar disponibilidade<\/p>\n<p>&nbsp;<\/p>\n<p><strong>Indica\u00e7\u00e3o:<\/strong>\u00a0Bota imperme\u00e1vel e respir\u00e1vel indicada para trekking, hiking, uso urbano e viagens.<\/p>\n<p><strong>Cabedal:\u00a0<\/strong>Couro hidrofugado resistente a penetra\u00e7\u00e3o de \u00e1gua. Biqueira interna.<\/p>\n<p><strong>Forra\u00e7\u00e3o interna:\u00a0<\/strong>Poliamida com Dry System 100% imperme\u00e1vel e respir\u00e1vel.<\/p>\n<p><strong>Solado:\u00a0<\/strong>Tecnologia italiana Vibram. Bi-componente de borracha com entressola em EVA.<\/p>\n<p><strong>Peso:\u00a0<\/strong>586g (p\u00e9 n\u00b040)<\/p>\n<h1 style=\"text-align: center;\">Tenis Double Flow 3X Trail Running Preto &#8211; Snake<\/h1>\n<p>O tenis Snake 3X \u00e9 leve de secagem r\u00e1pida indicado para corrida de aventura e corrida de montanha(Trail Runnig). O Melhor custo beneficio da Categoria!<\/p>\n<h2><img loading=\"lazy\" decoding=\"async\" class=\"alignleft\" src=\"https:\/\/www.lexo.com.br\/gerenciador\/midia\/imagens\/produtos\/arquivos_2227\/IMG_1323-936x770.JPG\" width=\"461\" height=\"379\" \/>R$ 235,00<\/h2>\n<p>ultimas unidades dispon\u00edveis, somente na numera\u00e7\u00e3o 39 e 42<\/p>\n<p>nos reservamos ao direito de cancelar a promo\u00e7\u00e3o sem pr\u00e9vio aviso, n\u00e3o garantimos estoque, entre em contato para confirmar disponibilidade<\/p>\n<p>Borracha com entressola em EVA. Fabricado em tecido poli\u00e9ster perme\u00e1vel, de alta resist\u00eancia \u00e0 abras\u00e3o. Prote\u00e7\u00e3o na biqueira para melhor prote\u00e7\u00e3o<\/p>\n<p>&nbsp;<\/p>\n<p>&nbsp;<\/p>\n<p>&nbsp;<\/p>\n<p>&nbsp;<\/p>\n<h1 style=\"text-align: center;\">Botina Marluvas Elegance Marrom Taupe 50F62-CX &#8211; C.A. 32.816<\/h1>\n<h2><img decoding=\"async\" class=\"alignleft\" src=\"https:\/\/static.wmobjects.com.br\/imgres\/arquivos\/ids\/6853897-344-344\/.jpg\" alt=\"Resultado de imagem para marluvas 50f62-cx\" \/>R$ 100,00<\/h2>\n<p>dispon\u00edvel nos n\u00fameros 39 \/ 41 \/ 43<\/p>\n<p>nos reservamos ao direito de cancelar a promo\u00e7\u00e3o sem pr\u00e9vio aviso, n\u00e3o garantimos estoque, entre em contato para confirmar disponibilidade<\/p>\n<p>Bota ocupacional confeccionada em couro nobuck. Colarinho e lingueta soft acolchoados com forra\u00e7\u00e3o Air Comfort transpir\u00e1vel. Fechamento em cadar\u00e7o. Palmilha de montagem em poli\u00e9ster resinado. Palmilha higi\u00eanica Soft Comfort. Solado ergon\u00f4mico em PU bidensidade com sistema de absor\u00e7\u00e3o de impacto, injetado diretamente no cabedal.<\/p>\n","protected":false},"excerpt":{"rendered":"<p>Snake Blox dry III &#8211; C.A. 34.186 R$ 300,00 oferta v\u00e1lida enquanto durar o estoque, dispon\u00edvel somente no n\u00famero 39 ultimas unidades dispon\u00edveis &nbsp; nos reservamos ao direito de cancelar a promo\u00e7\u00e3o sem pr\u00e9vio aviso, n\u00e3o garantimos estoque, entre em contato para confirmar disponibilidade &nbsp; Indica\u00e7\u00e3o:\u00a0Bota imperme\u00e1vel e respir\u00e1vel indicada para trekking, hiking, uso urbano ..<br \/><a href=\"http:\/\/protevel.com.br\/protevel\/ofertas\/\" title=\"Read more\">Read more<\/a><\/p>\n","protected":false},"author":2,"featured_media":0,"parent":0,"menu_order":0,"comment_status":"closed","ping_status":"closed","template":"","meta":{"om_disable_all_campaigns":false,"footnotes":""},"class_list":["post-916","page","type-page","status-publish","hentry"],"aioseo_notices":[],"_links":{"self":[{"href":"http:\/\/protevel.com.br\/protevel\/wp-json\/wp\/v2\/pages\/916","targetHints":{"allow":["GET"]}}],"collection":[{"href":"http:\/\/protevel.com.br\/protevel\/wp-json\/wp\/v2\/pages"}],"about":[{"href":"http:\/\/protevel.com.br\/protevel\/wp-json\/wp\/v2\/types\/page"}],"author":[{"embeddable":true,"href":"http:\/\/protevel.com.br\/protevel\/wp-json\/wp\/v2\/users\/2"}],"replies":[{"embeddable":true,"href":"http:\/\/protevel.com.br\/protevel\/wp-json\/wp\/v2\/comments?post=916"}],"version-history":[{"count":8,"href":"http:\/\/protevel.com.br\/protevel\/wp-json\/wp\/v2\/pages\/916\/revisions"}],"predecessor-version":[{"id":992,"href":"http:\/\/protevel.com.br\/protevel\/wp-json\/wp\/v2\/pages\/916\/revisions\/992"}],"wp:attachment":[{"href":"http:\/\/protevel.com.br\/protevel\/wp-json\/wp\/v2\/media?parent=916"}],"curies":[{"name":"wp","href":"https:\/\/api.w.org\/{rel}","templated":true}]}}