{"id":953,"date":"2019-03-20T17:40:43","date_gmt":"2019-03-20T20:40:43","guid":{"rendered":"http:\/\/protevel.com.br\/protevel\/?page_id=953"},"modified":"2019-03-20T17:45:36","modified_gmt":"2019-03-20T20:45:36","slug":"camper","status":"publish","type":"page","link":"http:\/\/protevel.com.br\/protevel\/produtos\/protecao-auditiva\/camper\/","title":{"rendered":"Camper"},"content":{"rendered":"<h2 style=\"text-align: center;\">Protetor Auditivo C-200 15 dB &#8211; C.A. 33.135<\/h2>\n<p><img loading=\"lazy\" decoding=\"async\" class=\"alignleft\" src=\"http:\/\/www.camperepi.com.br\/wp-content\/uploads\/2019\/01\/preto-360x240.jpg\" width=\"300\" height=\"200\" \/><\/p>\n<p>Constitu\u00eddo por dois abafadores, apresentando almofadas de veda\u00e7\u00e3o e espuma no seu interior. Possui uma haste em pl\u00e1stico r\u00edgido que mant\u00e9m as conchas firmemente seladas contra a regi\u00e3o das orelhas do usu\u00e1rio.<\/p>\n<p>Indicado para a prote\u00e7\u00e3o do sistema auditivo do usu\u00e1rio contra n\u00edveis de press\u00e3o sonora superiores ao estabelecido na NR 15, anexos I e II e norma ABNT NBR 16076 \u2013 m\u00e9todo B \u2013 2016<\/p>\n","protected":false},"excerpt":{"rendered":"<p>Protetor Auditivo C-200 15 dB &#8211; C.A. 33.135 Constitu\u00eddo por dois abafadores, apresentando almofadas de veda\u00e7\u00e3o e espuma no seu interior. Possui uma haste em pl\u00e1stico r\u00edgido que mant\u00e9m as conchas firmemente seladas contra a regi\u00e3o das orelhas do usu\u00e1rio. Indicado para a prote\u00e7\u00e3o do sistema auditivo do usu\u00e1rio contra n\u00edveis de press\u00e3o sonora superiores ..<br \/><a href=\"http:\/\/protevel.com.br\/protevel\/produtos\/protecao-auditiva\/camper\/\" title=\"Read more\">Read more<\/a><\/p>\n","protected":false},"author":2,"featured_media":0,"parent":705,"menu_order":0,"comment_status":"closed","ping_status":"closed","template":"","meta":{"om_disable_all_campaigns":false,"footnotes":""},"class_list":["post-953","page","type-page","status-publish","hentry"],"aioseo_notices":[],"_links":{"self":[{"href":"http:\/\/protevel.com.br\/protevel\/wp-json\/wp\/v2\/pages\/953","targetHints":{"allow":["GET"]}}],"collection":[{"href":"http:\/\/protevel.com.br\/protevel\/wp-json\/wp\/v2\/pages"}],"about":[{"href":"http:\/\/protevel.com.br\/protevel\/wp-json\/wp\/v2\/types\/page"}],"author":[{"embeddable":true,"href":"http:\/\/protevel.com.br\/protevel\/wp-json\/wp\/v2\/users\/2"}],"replies":[{"embeddable":true,"href":"http:\/\/protevel.com.br\/protevel\/wp-json\/wp\/v2\/comments?post=953"}],"version-history":[{"count":2,"href":"http:\/\/protevel.com.br\/protevel\/wp-json\/wp\/v2\/pages\/953\/revisions"}],"predecessor-version":[{"id":956,"href":"http:\/\/protevel.com.br\/protevel\/wp-json\/wp\/v2\/pages\/953\/revisions\/956"}],"up":[{"embeddable":true,"href":"http:\/\/protevel.com.br\/protevel\/wp-json\/wp\/v2\/pages\/705"}],"wp:attachment":[{"href":"http:\/\/protevel.com.br\/protevel\/wp-json\/wp\/v2\/media?parent=953"}],"curies":[{"name":"wp","href":"https:\/\/api.w.org\/{rel}","templated":true}]}}